{"id":158,"date":"2021-12-10T16:19:15","date_gmt":"2021-12-10T15:19:15","guid":{"rendered":"http:\/\/www.reveeveille.net\/musiqueverte\/?page_id=158"},"modified":"2021-12-10T16:19:16","modified_gmt":"2021-12-10T15:19:16","slug":"animaux","status":"publish","type":"page","link":"https:\/\/www.reveeveille.net\/musiqueverte\/les-materiaux\/animaux\/","title":{"rendered":"Animaux"},"content":{"rendered":"\n<p>Je ne sais presque rien faire avec des d\u00e9bris animaux. A peine un petit sifflet avec une coquille d&rsquo;escargot. Je suis tr\u00e8s preneur d&rsquo;id\u00e9es&#8230; Peut-\u00eatre des fl\u00fbtes en os ?<\/p>\n\n\n<div class=\"pt-cv-wrapper\"><div class=\"pt-cv-view pt-cv-grid pt-cv-colsys\" id=\"pt-cv-view-460eb45f1f\"><div data-id=\"pt-cv-page-1\" class=\"pt-cv-page\" data-cvc=\"2\"><div class=\"col-md-6 col-sm-6 col-xs-12 pt-cv-content-item pt-cv-1-col\" ><div class='pt-cv-ifield'><a href=\"https:\/\/www.reveeveille.net\/musiqueverte\/ongles-de-chevre\/\" class=\"_self pt-cv-href-thumbnail pt-cv-thumb-default\" target=\"_self\" ><img loading=\"lazy\" decoding=\"async\" width=\"300\" height=\"242\" src=\"https:\/\/www.reveeveille.net\/musiqueverte\/wp-content\/uploads\/19000103_illustrations_musique_verte_57-1-300x242.jpg\" class=\"pt-cv-thumbnail\" alt=\"\" srcset=\"https:\/\/www.reveeveille.net\/musiqueverte\/wp-content\/uploads\/19000103_illustrations_musique_verte_57-1-300x242.jpg 300w, https:\/\/www.reveeveille.net\/musiqueverte\/wp-content\/uploads\/19000103_illustrations_musique_verte_57-1.jpg 516w\" sizes=\"(max-width: 300px) 100vw, 300px\" \/><\/a>\n<h4 class=\"pt-cv-title\"><a href=\"https:\/\/www.reveeveille.net\/musiqueverte\/ongles-de-chevre\/\" class=\"_self\" target=\"_self\" >Ongle de ch\u00e8vre<\/a><\/h4><\/div><\/div>\n<div class=\"col-md-6 col-sm-6 col-xs-12 pt-cv-content-item pt-cv-1-col\" ><div class='pt-cv-ifield'><a href=\"https:\/\/www.reveeveille.net\/musiqueverte\/escargot\/\" class=\"_self pt-cv-href-thumbnail pt-cv-thumb-default\" target=\"_self\" ><img loading=\"lazy\" decoding=\"async\" width=\"300\" height=\"92\" src=\"https:\/\/www.reveeveille.net\/musiqueverte\/wp-content\/uploads\/19000103_illustrations_musique_verte_60-300x92.jpg\" class=\"pt-cv-thumbnail\" alt=\"\" srcset=\"https:\/\/www.reveeveille.net\/musiqueverte\/wp-content\/uploads\/19000103_illustrations_musique_verte_60-300x92.jpg 300w, https:\/\/www.reveeveille.net\/musiqueverte\/wp-content\/uploads\/19000103_illustrations_musique_verte_60-1024x315.jpg 1024w, https:\/\/www.reveeveille.net\/musiqueverte\/wp-content\/uploads\/19000103_illustrations_musique_verte_60-768x236.jpg 768w, https:\/\/www.reveeveille.net\/musiqueverte\/wp-content\/uploads\/19000103_illustrations_musique_verte_60.jpg 1034w\" sizes=\"(max-width: 300px) 100vw, 300px\" \/><\/a>\n<h4 class=\"pt-cv-title\"><a href=\"https:\/\/www.reveeveille.net\/musiqueverte\/escargot\/\" class=\"_self\" target=\"_self\" >Escargot<\/a><\/h4><\/div><\/div>\n<div class=\"col-md-6 col-sm-6 col-xs-12 pt-cv-content-item pt-cv-1-col\" ><div class='pt-cv-ifield'><a href=\"https:\/\/www.reveeveille.net\/musiqueverte\/coquilles-de-mollusques\/\" class=\"_self pt-cv-href-thumbnail pt-cv-thumb-default\" target=\"_self\" ><img loading=\"lazy\" decoding=\"async\" width=\"300\" height=\"225\" src=\"https:\/\/www.reveeveille.net\/musiqueverte\/wp-content\/uploads\/19000103_illustrations_musique_verte_71-300x225.jpg\" class=\"pt-cv-thumbnail\" alt=\"\" srcset=\"https:\/\/www.reveeveille.net\/musiqueverte\/wp-content\/uploads\/19000103_illustrations_musique_verte_71-300x225.jpg 300w, https:\/\/www.reveeveille.net\/musiqueverte\/wp-content\/uploads\/19000103_illustrations_musique_verte_71-768x576.jpg 768w, https:\/\/www.reveeveille.net\/musiqueverte\/wp-content\/uploads\/19000103_illustrations_musique_verte_71.jpg 800w\" sizes=\"(max-width: 300px) 100vw, 300px\" \/><\/a>\n<h4 class=\"pt-cv-title\"><a href=\"https:\/\/www.reveeveille.net\/musiqueverte\/coquilles-de-mollusques\/\" class=\"_self\" target=\"_self\" >Coquilles de mollusques<\/a><\/h4><\/div><\/div><\/div><\/div><\/div>\n","protected":false},"excerpt":{"rendered":"<p>Je ne sais presque rien faire avec des d\u00e9bris animaux. A peine un petit sifflet avec une coquille d&rsquo;escargot. Je suis tr\u00e8s preneur d&rsquo;id\u00e9es&#8230; Peut-\u00eatre des fl\u00fbtes en os ?<\/p>\n","protected":false},"author":1,"featured_media":0,"parent":42,"menu_order":0,"comment_status":"closed","ping_status":"closed","template":"","meta":{"footnotes":""},"class_list":["post-158","page","type-page","status-publish","hentry"],"_links":{"self":[{"href":"https:\/\/www.reveeveille.net\/musiqueverte\/wp-json\/wp\/v2\/pages\/158"}],"collection":[{"href":"https:\/\/www.reveeveille.net\/musiqueverte\/wp-json\/wp\/v2\/pages"}],"about":[{"href":"https:\/\/www.reveeveille.net\/musiqueverte\/wp-json\/wp\/v2\/types\/page"}],"author":[{"embeddable":true,"href":"https:\/\/www.reveeveille.net\/musiqueverte\/wp-json\/wp\/v2\/users\/1"}],"replies":[{"embeddable":true,"href":"https:\/\/www.reveeveille.net\/musiqueverte\/wp-json\/wp\/v2\/comments?post=158"}],"version-history":[{"count":3,"href":"https:\/\/www.reveeveille.net\/musiqueverte\/wp-json\/wp\/v2\/pages\/158\/revisions"}],"predecessor-version":[{"id":1022,"href":"https:\/\/www.reveeveille.net\/musiqueverte\/wp-json\/wp\/v2\/pages\/158\/revisions\/1022"}],"up":[{"embeddable":true,"href":"https:\/\/www.reveeveille.net\/musiqueverte\/wp-json\/wp\/v2\/pages\/42"}],"wp:attachment":[{"href":"https:\/\/www.reveeveille.net\/musiqueverte\/wp-json\/wp\/v2\/media?parent=158"}],"curies":[{"name":"wp","href":"https:\/\/api.w.org\/{rel}","templated":true}]}}