{"id":41,"date":"2021-10-26T15:17:44","date_gmt":"2021-10-26T15:17:44","guid":{"rendered":"https:\/\/www.reveeveille.net\/?page_id=41"},"modified":"2021-10-26T15:17:44","modified_gmt":"2021-10-26T15:17:44","slug":"les-sources","status":"publish","type":"page","link":"https:\/\/www.reveeveille.net\/?page_id=41","title":{"rendered":"Les sources"},"content":{"rendered":"\n<p>Sauf exception mentionn\u00e9e explicitement, toutes les infos et donn\u00e9es pr\u00e9sent\u00e9es dans les diff\u00e9rents sites de R\u00eave \u00e9veill\u00e9 ont \u00e9t\u00e9 cr\u00e9\u00e9es par moi-m\u00eame. Ca ne signifie pas pour autant qu&rsquo;il est interdit de s&rsquo;en servir, bien au contraire, sinon je ne les aurais pas mises en ligne. Si vous avez utilis\u00e9 des donn\u00e9es de ce site (des photos, des textes, de la musique, des partitions&#8230;) pour les pr\u00e9senter ailleurs, j&rsquo;en suis heureux et honor\u00e9. Ce qui serait sympa, ce serait de me mettre un petit mail pour me le dire.<\/p>\n\n\n\n<p>Si vous \u00eates amen\u00e9 \u00e0 utiliser des <strong>morceaux de musique que j&rsquo;ai compos\u00e9s<\/strong>, pour les jouer devant des gens ou pour les enregistrer quelque part, rien ne me fera plus plaisir. Cependant ils sont d\u00e9pos\u00e9s \u00e0 la SACEM : si vous pr\u00e9venez la SACEM que vous les jouez, vous devrez payer une (petite) redevance qui arrivera&#8230; dans ma poche. Pour ne pas payer cette redevance il faut&#8230; \u00eatre discret, voil\u00e0 tout, et m\u00eame si du coup je ne touche rien \u00e7a me fera quand m\u00eame plaisir alors ne vous retenez pas ! Mais dans tous les cas, merci de tout simplement citer votre source&#8230; et de me faire un petit mail pour me raconter tout \u00e7a.<\/p>\n\n\n\n<p>Je vous demande la m\u00eame chose pour les textes et les photos&#8230; Sachez que les photos pr\u00e9sentes sur le site sont \u00e9videmment en version all\u00e9g\u00e9e, pas pour des histoires de droits mais pour que \u00e7a ne soit pas trop long \u00e0 charger. Si l&rsquo;une d&rsquo;entre elles vous int\u00e9resse, n&rsquo;h\u00e9sitez pas \u00e0 me demander l&rsquo;original en version \u00ab\u00a0compl\u00e8te\u00a0\u00bb, ce serait trop b\u00eate que vous gal\u00e9riez avec une vilaine image !<\/p>\n","protected":false},"excerpt":{"rendered":"<p>Sauf exception mentionn\u00e9e explicitement, toutes les infos et donn\u00e9es pr\u00e9sent\u00e9es dans les diff\u00e9rents sites de R\u00eave \u00e9veill\u00e9 ont \u00e9t\u00e9 cr\u00e9\u00e9es par moi-m\u00eame. Ca ne signifie pas pour autant qu&rsquo;il est interdit de s&rsquo;en servir, bien au contraire, sinon je ne les aurais pas mises en ligne. Si vous avez utilis\u00e9 des donn\u00e9es de ce site (des photos, des textes, de la musique, des partitions&#8230;) pour les pr\u00e9senter ailleurs, j&rsquo;en suis heureux et honor\u00e9. Ce qui serait sympa, ce serait de me mettre un petit mail pour me le dire. Si vous \u00eates amen\u00e9 \u00e0 utiliser des morceaux de musique que j&rsquo;ai compos\u00e9s, pour les jouer devant des gens ou pour les enregistrer quelque part, rien ne me fera plus plaisir. Cependant ils sont d\u00e9pos\u00e9s \u00e0 la SACEM : si vous pr\u00e9venez la SACEM que vous les jouez, vous devrez payer une (petite) redevance qui arrivera&#8230; dans ma poche. Pour ne pas payer cette redevance il faut&#8230; \u00eatre discret, voil\u00e0 tout, et m\u00eame si du coup je ne touche rien \u00e7a me fera quand m\u00eame plaisir alors ne vous retenez pas ! Mais dans tous les cas, merci de tout simplement citer votre source&#8230; et de me faire un petit mail pour me raconter tout \u00e7a. Je vous demande la m\u00eame chose pour les textes et les photos&#8230; Sachez que les photos pr\u00e9sentes sur le site sont \u00e9videmment en version all\u00e9g\u00e9e, pas pour des histoires de droits mais pour que \u00e7a ne soit pas trop long \u00e0 charger. Si l&rsquo;une d&rsquo;entre elles vous int\u00e9resse, n&rsquo;h\u00e9sitez pas \u00e0 me demander l&rsquo;original en version \u00ab\u00a0compl\u00e8te\u00a0\u00bb, ce serait trop b\u00eate que vous gal\u00e9riez avec une vilaine image !<\/p>\n","protected":false},"author":1,"featured_media":0,"parent":0,"menu_order":0,"comment_status":"closed","ping_status":"closed","template":"","meta":{"footnotes":""},"class_list":["post-41","page","type-page","status-publish","hentry"],"_links":{"self":[{"href":"https:\/\/www.reveeveille.net\/index.php?rest_route=\/wp\/v2\/pages\/41","targetHints":{"allow":["GET"]}}],"collection":[{"href":"https:\/\/www.reveeveille.net\/index.php?rest_route=\/wp\/v2\/pages"}],"about":[{"href":"https:\/\/www.reveeveille.net\/index.php?rest_route=\/wp\/v2\/types\/page"}],"author":[{"embeddable":true,"href":"https:\/\/www.reveeveille.net\/index.php?rest_route=\/wp\/v2\/users\/1"}],"replies":[{"embeddable":true,"href":"https:\/\/www.reveeveille.net\/index.php?rest_route=%2Fwp%2Fv2%2Fcomments&post=41"}],"version-history":[{"count":1,"href":"https:\/\/www.reveeveille.net\/index.php?rest_route=\/wp\/v2\/pages\/41\/revisions"}],"predecessor-version":[{"id":42,"href":"https:\/\/www.reveeveille.net\/index.php?rest_route=\/wp\/v2\/pages\/41\/revisions\/42"}],"wp:attachment":[{"href":"https:\/\/www.reveeveille.net\/index.php?rest_route=%2Fwp%2Fv2%2Fmedia&parent=41"}],"curies":[{"name":"wp","href":"https:\/\/api.w.org\/{rel}","templated":true}]}}