{"id":35,"date":"2024-02-13T14:54:21","date_gmt":"2024-02-13T14:54:21","guid":{"rendered":"https:\/\/www.reveeveille.net\/?page_id=35"},"modified":"2026-02-08T13:19:05","modified_gmt":"2026-02-08T13:19:05","slug":"si-vous-voulez-aider-reve-eveille","status":"publish","type":"page","link":"https:\/\/www.reveeveille.net\/?page_id=35","title":{"rendered":"Si vous voulez aider R\u00eave \u00e9veill\u00e9"},"content":{"rendered":"\n<p>Si votre passage sur R\u00eave \u00e9veill\u00e9 vous a \u00e9t\u00e9 utile ou agr\u00e9able&#8230; j&rsquo;en suis tr\u00e8s heureux, et tr\u00e8s fier ! Ce site repr\u00e9sente pour moi un tr\u00e8s gros investissement. \u00c9crire des partitions musicales ou des textes, mettre en ligne, r\u00e9fl\u00e9chir \u00e0 la mani\u00e8re de valoriser au mieux les ressources dont je dispose, tout cela prend un temps infini, de tr\u00e8s loin sup\u00e9rieur \u00e0 ce que me permettent mes p\u00e9riodes de loisirs. Ce temps, je le prends donc sur celui que je consacre \u00e0 mon m\u00e9tier de musicien. Plus j&rsquo;enrichis le site, moins je travaille. Moins je travaille, moins je gagne d&rsquo;argent. Mes besoins financiers ne sont pas gros, mais il me faut tout de m\u00eame participer correctement \u00e0 la vie d&rsquo;une famille de 5 personnes. Voil\u00e0 pourquoi, si vous voulez me donner un petit coup de main, je l&rsquo;accepterai avec gratitude.<br>Il y a plein de mani\u00e8res de m&rsquo;aider.<\/p>\n\n\n\n<ul class=\"wp-block-list\">\n<li>Me mettre en contact avec des gens qui cherchent des groupes de musique pour les programmer. Je suis musicien professionnel, je fais partie de <a href=\"http:\/\/www.marcmusicien.net\/mes-groupes\/\">plusieurs groupes<\/a>, et nous avons besoin (et envie !) de \u00ab\u00a0tourner\u00a0\u00bb.<\/li>\n\n\n\n<li><a href=\"http:\/\/www.marcmusicien.net\/ma-musique\/\">Acheter les CD <\/a>des diff\u00e9rents groupes dont je fais partie&#8230; enfin, si vous aimez, bien s\u00fbr !<\/li>\n\n\n\n<li>J&rsquo;ai aussi \u00e9crit un livre, il s&rsquo;appelle \u00ab\u00a0<strong>Sacr\u00e9 mont Blanc<\/strong>\u00ab\u00a0. J&rsquo;y raconte 30 ans d&rsquo;aventures v\u00e9cues sur cette montagne, en essayant de m&rsquo;adresser \u00e0 des gens qui ne sont pas forc\u00e9ment des alpinistes. Vous pouvez le commander en librairie ou l&rsquo;acheter sur le \u00ab\u00a0<a href=\"https:\/\/www.ao-editions.com\/produit\/19\/9782913897342\/sacre-mont-blanc\">site des Editions AO<\/a>\u00a0\u00bb (Lyon)<\/li>\n\n\n\n<li>Si vous avez un site web, pourquoi pas y <strong>mettre un petit lien<\/strong> vers la rubrique qui vous a int\u00e9ress\u00e9 ? \u00c7a m&rsquo;aiderait aussi&#8230;<\/li>\n\n\n\n<li>J&rsquo;aime aussi beaucoup, tout simplement, <a href=\"https:\/\/www.reveeveille.net\/?page_id=37\" data-type=\"page\" data-id=\"37\">communiquer<\/a> avec les gens avec lesquels je partage une passion&#8230;<\/li>\n\n\n\n<li>Enfin, vous pouvez aussi m&rsquo;aider financi\u00e8rement, m\u00eame tr\u00e8s modestement (voir ci-dessous)<\/li>\n<\/ul>\n\n\n\n<p>Un grand, grand merci d&rsquo;avance.<\/p>\n\n\n\n<h3 class=\"wp-block-heading has-text-align-center\">Si un petit don vous tente&#8230;<\/h3>\n\n\n\n<p>&#8230; Vous pouvez verser la somme de votre choix \u00e0 l&rsquo;association Tonpi\u00e9 Monpi\u00e9, qui porte administrativement R\u00eave \u00e9veill\u00e9, soit par l&rsquo;interm\u00e9diaire de HelloAsso (ci-dessous), soit par virement direct sur le compte de l&rsquo;association (IBAN\u00a0: 7642559000372102928600450 \/ BIC\u00a0: CCOPFRPPXXX).<\/p>\n\n\n\n<iframe id=\"haWidget\" allowtransparency=\"true\" scrolling=\"auto\" src=\"https:\/\/www.helloasso.com\/associations\/tonpie-monpie\/formulaires\/1\/widget\" style=\"width: 100%; height: 750px; border: none;\"><\/iframe>\n","protected":false},"excerpt":{"rendered":"<p>Si votre passage sur R\u00eave \u00e9veill\u00e9 vous a \u00e9t\u00e9 utile ou agr\u00e9able&#8230; j&rsquo;en suis tr\u00e8s heureux, et tr\u00e8s fier ! Ce site repr\u00e9sente pour moi un tr\u00e8s gros investissement. \u00c9crire des partitions musicales ou des textes, mettre en ligne, r\u00e9fl\u00e9chir \u00e0 la mani\u00e8re de valoriser au mieux les ressources dont je dispose, tout cela prend un temps infini, de tr\u00e8s loin sup\u00e9rieur \u00e0 ce que me permettent mes p\u00e9riodes de loisirs. Ce temps, je le prends donc sur celui que je consacre \u00e0 mon m\u00e9tier de musicien. Plus j&rsquo;enrichis le site, moins je travaille. Moins je travaille, moins je gagne d&rsquo;argent. Mes besoins financiers ne sont pas gros, mais il me faut tout de m\u00eame participer correctement \u00e0 la vie d&rsquo;une famille de 5 personnes. Voil\u00e0 pourquoi, si vous voulez me donner un petit coup de main, je l&rsquo;accepterai avec gratitude.Il y a plein de mani\u00e8res de m&rsquo;aider. Un grand, grand merci d&rsquo;avance. Si un petit don vous tente&#8230; &#8230; Vous pouvez verser la somme de votre choix \u00e0 l&rsquo;association Tonpi\u00e9 Monpi\u00e9, qui porte administrativement R\u00eave \u00e9veill\u00e9, soit par l&rsquo;interm\u00e9diaire de HelloAsso (ci-dessous), soit par virement direct sur le compte de l&rsquo;association (IBAN\u00a0: 7642559000372102928600450 \/ BIC\u00a0: CCOPFRPPXXX).<\/p>\n","protected":false},"author":1,"featured_media":0,"parent":0,"menu_order":0,"comment_status":"closed","ping_status":"closed","template":"","meta":{"footnotes":""},"class_list":["post-35","page","type-page","status-publish","hentry"],"_links":{"self":[{"href":"https:\/\/www.reveeveille.net\/index.php?rest_route=\/wp\/v2\/pages\/35","targetHints":{"allow":["GET"]}}],"collection":[{"href":"https:\/\/www.reveeveille.net\/index.php?rest_route=\/wp\/v2\/pages"}],"about":[{"href":"https:\/\/www.reveeveille.net\/index.php?rest_route=\/wp\/v2\/types\/page"}],"author":[{"embeddable":true,"href":"https:\/\/www.reveeveille.net\/index.php?rest_route=\/wp\/v2\/users\/1"}],"replies":[{"embeddable":true,"href":"https:\/\/www.reveeveille.net\/index.php?rest_route=%2Fwp%2Fv2%2Fcomments&post=35"}],"version-history":[{"count":7,"href":"https:\/\/www.reveeveille.net\/index.php?rest_route=\/wp\/v2\/pages\/35\/revisions"}],"predecessor-version":[{"id":79,"href":"https:\/\/www.reveeveille.net\/index.php?rest_route=\/wp\/v2\/pages\/35\/revisions\/79"}],"wp:attachment":[{"href":"https:\/\/www.reveeveille.net\/index.php?rest_route=%2Fwp%2Fv2%2Fmedia&parent=35"}],"curies":[{"name":"wp","href":"https:\/\/api.w.org\/{rel}","templated":true}]}}