{"id":86,"date":"2019-11-12T10:10:13","date_gmt":"2019-11-12T10:10:13","guid":{"rendered":"https:\/\/www.reveeveille.net\/flutedepan\/wordpress\/?page_id=86"},"modified":"2019-11-14T10:12:20","modified_gmt":"2019-11-14T10:12:20","slug":"bienvenue","status":"publish","type":"page","link":"https:\/\/www.reveeveille.net\/flutedepan\/","title":{"rendered":"Accueil"},"content":{"rendered":"<p>\n<!--StartFragment--><\/p>\n\n\n<p> La fl\u00fbte de pan est pr\u00e9sente depuis des mill\u00e9naires sur tous les  continents. C\u2019est un instrument particuli\u00e8rement int\u00e9ressant car elle  est \u00e0 la fois facile \u00e0 fabriquer et facile \u00e0 jouer, du moins \u00e0 un niveau  de base. Il existe de nombreux types de fl\u00fbtes de pan, qui varient en  formes, en nombre de tubes, en accordages, en mat\u00e9riaux\u2026 Dans la plupart  des cultures du monde, elles sont diatoniques (c\u2019est \u00e0 dire qu\u2019elles ne  permettent de jouer que les notes d\u2019une gamme diatonique, l\u2019\u00e9quivalent  des touches blanches du piano), voire m\u00eame pentatoniques ou pr\u00e9sentant  encore moins de notes. Mais ces derni\u00e8res d\u00e9cennies on a vu de plus en  plus de musiciens  en assembler des chromatiques pour permettre  d\u2019\u00e9largir les possibilit\u00e9s musicales. C\u2019est ainsi qu\u2019aujourd\u2019hui on peut  entendre de la fl\u00fbte de pan dans des musiques tr\u00e8s diverses, tant en  instrument soliste qu\u2019en accompagnement (en particulier gr\u00e2ce \u00e0 un jeu  de basses percutantes)\u2026 <\/p>\n\n\n\n<p>Personnellement, je joue sur des fl\u00fbtes de pan andines (zampo\u00f1as,  sikus,  &#8230;)<\/p>\n\n\n<p><!--EndFragment--><\/p>","protected":false},"excerpt":{"rendered":"<p>La fl\u00fbte de pan est pr\u00e9sente depuis des mill\u00e9naires sur tous les continents. C\u2019est un instrument particuli\u00e8rement int\u00e9ressant car elle est \u00e0 la fois facile \u00e0 fabriquer et facile \u00e0&hellip; <\/p>\n","protected":false},"author":1,"featured_media":177,"parent":0,"menu_order":0,"comment_status":"closed","ping_status":"closed","template":"","meta":{"footnotes":""},"class_list":["post-86","page","type-page","status-publish","has-post-thumbnail","hentry"],"_links":{"self":[{"href":"https:\/\/www.reveeveille.net\/flutedepan\/index.php\/wp-json\/wp\/v2\/pages\/86","targetHints":{"allow":["GET"]}}],"collection":[{"href":"https:\/\/www.reveeveille.net\/flutedepan\/index.php\/wp-json\/wp\/v2\/pages"}],"about":[{"href":"https:\/\/www.reveeveille.net\/flutedepan\/index.php\/wp-json\/wp\/v2\/types\/page"}],"author":[{"embeddable":true,"href":"https:\/\/www.reveeveille.net\/flutedepan\/index.php\/wp-json\/wp\/v2\/users\/1"}],"replies":[{"embeddable":true,"href":"https:\/\/www.reveeveille.net\/flutedepan\/index.php\/wp-json\/wp\/v2\/comments?post=86"}],"version-history":[{"count":4,"href":"https:\/\/www.reveeveille.net\/flutedepan\/index.php\/wp-json\/wp\/v2\/pages\/86\/revisions"}],"predecessor-version":[{"id":97,"href":"https:\/\/www.reveeveille.net\/flutedepan\/index.php\/wp-json\/wp\/v2\/pages\/86\/revisions\/97"}],"wp:featuredmedia":[{"embeddable":true,"href":"https:\/\/www.reveeveille.net\/flutedepan\/index.php\/wp-json\/wp\/v2\/media\/177"}],"wp:attachment":[{"href":"https:\/\/www.reveeveille.net\/flutedepan\/index.php\/wp-json\/wp\/v2\/media?parent=86"}],"curies":[{"name":"wp","href":"https:\/\/api.w.org\/{rel}","templated":true}]}}