{"id":758,"date":"2022-10-07T17:00:21","date_gmt":"2022-10-07T15:00:21","guid":{"rendered":"http:\/\/www.reveeveille.net\/cevennevivante\/wordpress\/?page_id=758"},"modified":"2022-10-07T17:00:22","modified_gmt":"2022-10-07T15:00:22","slug":"les-plateaux-des-cans","status":"publish","type":"page","link":"https:\/\/www.reveeveille.net\/cevennevivante\/les-plateaux-des-cans\/","title":{"rendered":"Les plateaux des cans"},"content":{"rendered":"\n<p>Les \u00ab\u00a0cans\u00a0\u00bb sont un ensemble de plateaux calcaire interconnect\u00e9s, sur la rive droite du Tarnon, en amont de Florac. Ils faisaient autrefois partie d&rsquo;un m\u00eame ensemble avec le Causse M\u00e9jean, mais depuis 2 millions d&rsquo;ann\u00e9es ils ont pris leur autonomie. C&rsquo;est un endroit particulier, \u00e0 la fois grandiose et intime, que je passe beaucoup de temps \u00e0 parcourir (c&rsquo;est juste \u00e0 c\u00f4t\u00e9 de chez moi) pour en apprendre tout ce que je peux. J&rsquo;y ai consacr\u00e9 un <a href=\"http:\/\/www.reveeveille.net\/candelhospitalet\">site web sp\u00e9cifique<\/a>, dans lequel je parle d&rsquo;Histoire, d&rsquo;arch\u00e9ologie, de g\u00e9ologie, et de tout un tas d&rsquo;autres sujets plus anecdotiques, mais je mets ici quelques articles qui me semblent susceptibles de vous int\u00e9resser.<\/p>\n\n\n\n<iframe loading=\"lazy\" src=\"https:\/\/www.reveeveille.net\/geoportail\/cartepublique.aspx?idrubric=132\" width=\"100%\" height=\"400\"><\/iframe>\n\n\n<div class=\"pt-cv-wrapper\"><div class=\"pt-cv-view pt-cv-grid pt-cv-colsys\" id=\"pt-cv-view-46b3b3de6s\"><div data-id=\"pt-cv-page-1\" class=\"pt-cv-page cv-npf\" data-cvc=\"1\"><div class=\"col-md-12 col-sm-12 col-xs-12 pt-cv-content-item pt-cv-2-col\" ><div class='pt-cv-ifield'><div class=\"pt-cv-no-post\">Aucune publication trouv\u00e9e.<\/div><\/div><\/div><\/div><\/div><\/div>\n","protected":false},"excerpt":{"rendered":"<p>Les \u00ab\u00a0cans\u00a0\u00bb sont un ensemble de plateaux calcaire interconnect\u00e9s, sur la rive droite du Tarnon, en amont de Florac. Ils faisaient autrefois partie d&rsquo;un m\u00eame ensemble avec le Causse M\u00e9jean,&hellip; <\/p>\n","protected":false},"author":3,"featured_media":575,"parent":0,"menu_order":0,"comment_status":"closed","ping_status":"closed","template":"","meta":{"footnotes":""},"class_list":["post-758","page","type-page","status-publish","has-post-thumbnail","hentry"],"jetpack_sharing_enabled":true,"_links":{"self":[{"href":"https:\/\/www.reveeveille.net\/cevennevivante\/wp-json\/wp\/v2\/pages\/758","targetHints":{"allow":["GET"]}}],"collection":[{"href":"https:\/\/www.reveeveille.net\/cevennevivante\/wp-json\/wp\/v2\/pages"}],"about":[{"href":"https:\/\/www.reveeveille.net\/cevennevivante\/wp-json\/wp\/v2\/types\/page"}],"author":[{"embeddable":true,"href":"https:\/\/www.reveeveille.net\/cevennevivante\/wp-json\/wp\/v2\/users\/3"}],"replies":[{"embeddable":true,"href":"https:\/\/www.reveeveille.net\/cevennevivante\/wp-json\/wp\/v2\/comments?post=758"}],"version-history":[{"count":3,"href":"https:\/\/www.reveeveille.net\/cevennevivante\/wp-json\/wp\/v2\/pages\/758\/revisions"}],"predecessor-version":[{"id":2094,"href":"https:\/\/www.reveeveille.net\/cevennevivante\/wp-json\/wp\/v2\/pages\/758\/revisions\/2094"}],"wp:featuredmedia":[{"embeddable":true,"href":"https:\/\/www.reveeveille.net\/cevennevivante\/wp-json\/wp\/v2\/media\/575"}],"wp:attachment":[{"href":"https:\/\/www.reveeveille.net\/cevennevivante\/wp-json\/wp\/v2\/media?parent=758"}],"curies":[{"name":"wp","href":"https:\/\/api.w.org\/{rel}","templated":true}]}}

<p>Les « cans » sont un ensemble de plateaux calcaire interconnectés, sur la rive droite du Tarnon, en amont de Florac. Ils faisaient autrefois partie d&rsquo;un même ensemble avec le Causse Méjean, mais depuis 2 millions d&rsquo;années ils ont pris leur autonomie. C&rsquo;est un endroit particulier, à la fois grandiose et intime, que je passe beaucoup de temps à parcourir (c&rsquo;est juste à côté de chez moi) pour en apprendre tout ce que je peux. J&rsquo;y ai consacré un <a href="http://www.reveeveille.net/candelhospitalet">site web spécifique</a>, dans lequel je parle d&rsquo;Histoire, d&rsquo;archéologie, de géologie, et de tout un tas d&rsquo;autres sujets plus anecdotiques, mais je mets ici quelques articles qui me semblent susceptibles de vous intéresser.</p>



<iframe loading="lazy" src="https://www.reveeveille.net/geoportail/cartepublique.aspx?idrubric=132" width="100%" height="400"></iframe>


<div class="pt-cv-wrapper"><div class="pt-cv-view pt-cv-grid pt-cv-colsys" id="pt-cv-view-46b3b3de6s"><div data-id="pt-cv-page-1" class="pt-cv-page cv-npf" data-cvc="1"><div class="col-md-12 col-sm-12 col-xs-12 pt-cv-content-item pt-cv-2-col" ><div class='pt-cv-ifield'><div class="pt-cv-no-post">Aucune publication trouvée.</div></div></div></div></div></div>

<p>Les « cans » sont un ensemble de plateaux calcaire interconnectés, sur la rive droite du Tarnon, en amont de Florac. Ils faisaient autrefois partie d&rsquo;un même ensemble avec le Causse Méjean,&hellip; </p>
