{"id":711,"date":"2021-03-17T08:17:29","date_gmt":"2021-03-17T07:17:29","guid":{"rendered":"http:\/\/www.reveeveille.net\/cevennevivante\/wordpress\/?page_id=711"},"modified":"2021-10-31T21:31:16","modified_gmt":"2021-10-31T20:31:16","slug":"lhistoire","status":"publish","type":"page","link":"https:\/\/www.reveeveille.net\/cevennevivante\/lhistoire\/","title":{"rendered":"L&rsquo;Histoire"},"content":{"rendered":"\n<p>Mes C\u00e9vennes ont beau \u00eatre \u00ab\u00a0vivantes\u00a0\u00bb, elles n&rsquo;en sont pas moins riches d&rsquo;une Histoire (avec un grand \u00ab\u00a0H\u00a0\u00bb) dense et passionnante, qui a laiss\u00e9 des traces partout. C&rsquo;est un sujet que j&rsquo;ai particuli\u00e8rement approfondi concernant une petite partie des C\u00e9vennes, la \u00ab\u00a0<a href=\"http:\/\/www.reveeveille.net\/candelhospitalet\">Can de l&rsquo;Hospitalet<\/a>\u00a0\u00bb (reportez-vous directement \u00e0 la rubrique \u00ab\u00a0Histoire\u00a0\u00bb), mais voici \u00e9galement quelques petites curiosit\u00e9s diss\u00e9min\u00e9es sur un territoire plus large&#8230;<\/p>\n\n\n<div class=\"pt-cv-wrapper\"><div class=\"pt-cv-view pt-cv-grid pt-cv-colsys\" id=\"pt-cv-view-0c810db65d\"><div data-id=\"pt-cv-page-1\" class=\"pt-cv-page\" data-cvc=\"1\"><div class=\"col-md-12 col-sm-12 col-xs-12 pt-cv-content-item pt-cv-2-col\" ><div class='pt-cv-ifield'><a href=\"https:\/\/www.reveeveille.net\/cevennevivante\/les-sites-de-transformation-du-plomb-argentifere-sur-le-mont-lozere\/\" class=\"_self pt-cv-href-thumbnail pt-cv-thumb-left\" target=\"_self\" ><img loading=\"lazy\" decoding=\"async\" width=\"150\" height=\"150\" src=\"https:\/\/www.reveeveille.net\/cevennevivante\/wp-content\/uploads\/2021\/12\/20210905_site_a_plomb_argentifere_mont_lozere_02-150x150.jpg\" class=\"pt-cv-thumbnail pull-left\" alt=\"\" \/><\/a>\n<h4 class=\"pt-cv-title\"><a href=\"https:\/\/www.reveeveille.net\/cevennevivante\/les-sites-de-transformation-du-plomb-argentifere-sur-le-mont-lozere\/\" class=\"_self\" target=\"_self\" >L&rsquo;industrie du plomb sur le Mont-Loz\u00e8re \u00e0 l&rsquo;\u00e9poque m\u00e9di\u00e9vale<\/a><\/h4>\n<div class=\"pt-cv-content\">Si vous partez balader sur les hauteurs occidentales du Mont-Loz\u00e8re, et que d'aventure vous sortez du sentier pour p\u00e9n\u00e9trer dans ...<br \/><div class=\"pt-cv-rmwrap\"><a href=\"https:\/\/www.reveeveille.net\/cevennevivante\/les-sites-de-transformation-du-plomb-argentifere-sur-le-mont-lozere\/\" class=\"_self pt-cv-readmore btn btn-success\" target=\"_self\">Lire La Suite\u2026<\/a><\/div><\/div><\/div><\/div>\n<div class=\"col-md-12 col-sm-12 col-xs-12 pt-cv-content-item pt-cv-2-col\" ><div class='pt-cv-ifield'><a href=\"https:\/\/www.reveeveille.net\/cevennevivante\/le-petit-tailleur-de-pierre-du-roc-du-chien-fou\/\" class=\"_self pt-cv-href-thumbnail pt-cv-thumb-left\" target=\"_self\" ><img loading=\"lazy\" decoding=\"async\" width=\"150\" height=\"150\" src=\"https:\/\/www.reveeveille.net\/cevennevivante\/wp-content\/uploads\/2021\/09\/20051006_barrandon_nils_sur_roc-150x150.jpg\" class=\"pt-cv-thumbnail pull-left\" alt=\"\" \/><\/a>\n<h4 class=\"pt-cv-title\"><a href=\"https:\/\/www.reveeveille.net\/cevennevivante\/le-petit-tailleur-de-pierre-du-roc-du-chien-fou\/\" class=\"_self\" target=\"_self\" >Le petit tailleur de pierre du roc du chien fou<\/a><\/h4>\n<div class=\"pt-cv-content\">Un arch\u00e9ologue \u00e9minent donne \u00e0 Florac une conf\u00e9rence sur \"L'occupation du Mont Loz\u00e8re \u00e0 la p\u00e9riode n\u00e9olithique\". Quelque chose comme ...<br \/><div class=\"pt-cv-rmwrap\"><a href=\"https:\/\/www.reveeveille.net\/cevennevivante\/le-petit-tailleur-de-pierre-du-roc-du-chien-fou\/\" class=\"_self pt-cv-readmore btn btn-success\" target=\"_self\">Lire La Suite\u2026<\/a><\/div><\/div><\/div><\/div>\n<div class=\"col-md-12 col-sm-12 col-xs-12 pt-cv-content-item pt-cv-2-col\" ><div class='pt-cv-ifield'><a href=\"https:\/\/www.reveeveille.net\/cevennevivante\/barre-des-cevennes-le-pont-de-montvert-trajet-historique-des-premiers-camisards\/\" class=\"_self pt-cv-href-thumbnail pt-cv-thumb-left\" target=\"_self\" ><img loading=\"lazy\" decoding=\"async\" width=\"150\" height=\"150\" src=\"https:\/\/www.reveeveille.net\/cevennevivante\/wp-content\/uploads\/2021\/02\/20100929_prospection_castelas_de_barre_01-150x150.jpg\" class=\"pt-cv-thumbnail pull-left\" alt=\"\" \/><\/a>\n<h4 class=\"pt-cv-title\"><a href=\"https:\/\/www.reveeveille.net\/cevennevivante\/barre-des-cevennes-le-pont-de-montvert-trajet-historique-des-premiers-camisards\/\" class=\"_self\" target=\"_self\" >Barre-des-C\u00e9vennes \/ Le Pont de Montvert, trajet historique des premiers camisards<\/a><\/h4>\n<div class=\"pt-cv-content\">Sur ce trajet de deux ou trois journ\u00e9es, pas de sites naturels plus remarquables qu'ailleurs autour. L'itin\u00e9raire emprunte des sentiers ...<br \/><div class=\"pt-cv-rmwrap\"><a href=\"https:\/\/www.reveeveille.net\/cevennevivante\/barre-des-cevennes-le-pont-de-montvert-trajet-historique-des-premiers-camisards\/\" class=\"_self pt-cv-readmore btn btn-success\" target=\"_self\">Lire La Suite\u2026<\/a><\/div><\/div><\/div><\/div>\n<div class=\"col-md-12 col-sm-12 col-xs-12 pt-cv-content-item pt-cv-2-col\" ><div class='pt-cv-ifield'><a href=\"https:\/\/www.reveeveille.net\/cevennevivante\/lenceinte-protohistorique-de-la-tourelle\/\" class=\"_self pt-cv-href-thumbnail pt-cv-thumb-left\" target=\"_self\" ><img loading=\"lazy\" decoding=\"async\" width=\"150\" height=\"150\" src=\"https:\/\/www.reveeveille.net\/cevennevivante\/wp-content\/uploads\/2021\/08\/20131002_enceinte_de_la_tourelle_05-150x150.jpg\" class=\"pt-cv-thumbnail pull-left\" alt=\"\" \/><\/a>\n<h4 class=\"pt-cv-title\"><a href=\"https:\/\/www.reveeveille.net\/cevennevivante\/lenceinte-protohistorique-de-la-tourelle\/\" class=\"_self\" target=\"_self\" >L&rsquo;enceinte protohistorique de la Tourelle<\/a><\/h4>\n<div class=\"pt-cv-content\">Cette enceinte protohistorique est un peu moins impressionnante que sa s\u0153ur de Drigas, quelques kilom\u00e8tres plus au sud-est, mais elle ...<br \/><div class=\"pt-cv-rmwrap\"><a href=\"https:\/\/www.reveeveille.net\/cevennevivante\/lenceinte-protohistorique-de-la-tourelle\/\" class=\"_self pt-cv-readmore btn btn-success\" target=\"_self\">Lire La Suite\u2026<\/a><\/div><\/div><\/div><\/div>\n<div class=\"col-md-12 col-sm-12 col-xs-12 pt-cv-content-item pt-cv-2-col\" ><div class='pt-cv-ifield'><a href=\"https:\/\/www.reveeveille.net\/cevennevivante\/le-menhir-de-grizac\/\" class=\"_self pt-cv-href-thumbnail pt-cv-thumb-left\" target=\"_self\" ><img loading=\"lazy\" decoding=\"async\" width=\"150\" height=\"150\" src=\"https:\/\/www.reveeveille.net\/cevennevivante\/wp-content\/uploads\/2021\/03\/20061105_grizac_rampon_menhir_de_grizac-150x150.jpg\" class=\"pt-cv-thumbnail pull-left\" alt=\"\" \/><\/a>\n<h4 class=\"pt-cv-title\"><a href=\"https:\/\/www.reveeveille.net\/cevennevivante\/le-menhir-de-grizac\/\" class=\"_self\" target=\"_self\" >Le menhir de Grizac<\/a><\/h4>\n<div class=\"pt-cv-content\">Jeannot Fossard est un copain passionn\u00e9 par les C\u00e9vennes, et en particulier la zone qui entoure sa maison, le vallon ...<br \/><div class=\"pt-cv-rmwrap\"><a href=\"https:\/\/www.reveeveille.net\/cevennevivante\/le-menhir-de-grizac\/\" class=\"_self pt-cv-readmore btn btn-success\" target=\"_self\">Lire La Suite\u2026<\/a><\/div><\/div><\/div><\/div>\n<div class=\"col-md-12 col-sm-12 col-xs-12 pt-cv-content-item pt-cv-2-col\" ><div class='pt-cv-ifield'><a href=\"https:\/\/www.reveeveille.net\/cevennevivante\/sept-tableaux-pour-la-draille\/\" class=\"_self pt-cv-href-thumbnail pt-cv-thumb-left\" target=\"_self\" ><img loading=\"lazy\" decoding=\"async\" width=\"150\" height=\"150\" src=\"https:\/\/www.reveeveille.net\/cevennevivante\/wp-content\/uploads\/2021\/02\/19000101_site_cevennes_draille_de_margeride_sur_can-150x150.jpg\" class=\"pt-cv-thumbnail pull-left\" alt=\"\" \/><\/a>\n<h4 class=\"pt-cv-title\"><a href=\"https:\/\/www.reveeveille.net\/cevennevivante\/sept-tableaux-pour-la-draille\/\" class=\"_self\" target=\"_self\" >Sept tableaux pour la draille<\/a><\/h4>\n<div class=\"pt-cv-content\">Le jour de mes 12 ans, mes parents m'ont emmen\u00e9 voir ma premi\u00e8re transhumance. Je vous vois sourire... je comprend ...<br \/><div class=\"pt-cv-rmwrap\"><a href=\"https:\/\/www.reveeveille.net\/cevennevivante\/sept-tableaux-pour-la-draille\/\" class=\"_self pt-cv-readmore btn btn-success\" target=\"_self\">Lire La Suite\u2026<\/a><\/div><\/div><\/div><\/div>\n<div class=\"col-md-12 col-sm-12 col-xs-12 pt-cv-content-item pt-cv-2-col\" ><div class='pt-cv-ifield'><a href=\"https:\/\/www.reveeveille.net\/cevennevivante\/cassini-par-derriere\/\" class=\"_self pt-cv-href-thumbnail pt-cv-thumb-left\" target=\"_self\" ><img loading=\"lazy\" decoding=\"async\" width=\"150\" height=\"150\" src=\"https:\/\/www.reveeveille.net\/cevennevivante\/wp-content\/uploads\/2021\/12\/20211027_mas_camargue_pic_cassini_07-150x150.jpg\" class=\"pt-cv-thumbnail pull-left\" alt=\"\" \/><\/a>\n<h4 class=\"pt-cv-title\"><a href=\"https:\/\/www.reveeveille.net\/cevennevivante\/cassini-par-derriere\/\" class=\"_self\" target=\"_self\" >Cassini par derri\u00e8re<\/a><\/h4>\n<div class=\"pt-cv-content\">Vous le savez, ou pas, avec ses 1680 m\u00e8tres d'altitude le Pic Cassini est le second sommet du Massif du ...<br \/><div class=\"pt-cv-rmwrap\"><a href=\"https:\/\/www.reveeveille.net\/cevennevivante\/cassini-par-derriere\/\" class=\"_self pt-cv-readmore btn btn-success\" target=\"_self\">Lire La Suite\u2026<\/a><\/div><\/div><\/div><\/div>\n<div class=\"col-md-12 col-sm-12 col-xs-12 pt-cv-content-item pt-cv-2-col\" ><div class='pt-cv-ifield'><a href=\"https:\/\/www.reveeveille.net\/cevennevivante\/lhabitat-prehistorique-de-laven-des-corneilles\/\" class=\"_self pt-cv-href-thumbnail pt-cv-thumb-left\" target=\"_self\" ><img loading=\"lazy\" decoding=\"async\" width=\"150\" height=\"150\" src=\"https:\/\/www.reveeveille.net\/cevennevivante\/wp-content\/uploads\/2021\/03\/19000101_site_cevennes_abri_aven_corneilles-150x150.jpg\" class=\"pt-cv-thumbnail pull-left\" alt=\"\" \/><\/a>\n<h4 class=\"pt-cv-title\"><a href=\"https:\/\/www.reveeveille.net\/cevennevivante\/lhabitat-prehistorique-de-laven-des-corneilles\/\" class=\"_self\" target=\"_self\" >L&rsquo;habitat pr\u00e9historique de l&rsquo;aven des Corneilles<\/a><\/h4>\n<div class=\"pt-cv-content\">L'habitat pr\u00e9historique de l'aven des Corneilles est situ\u00e9 \u00e0 une quinzaine de m\u00e8tres sous la surface du sol. Pour l'atteindre ...<br \/><div class=\"pt-cv-rmwrap\"><a href=\"https:\/\/www.reveeveille.net\/cevennevivante\/lhabitat-prehistorique-de-laven-des-corneilles\/\" class=\"_self pt-cv-readmore btn btn-success\" target=\"_self\">Lire La Suite\u2026<\/a><\/div><\/div><\/div><\/div>\n<div class=\"col-md-12 col-sm-12 col-xs-12 pt-cv-content-item pt-cv-2-col\" ><div class='pt-cv-ifield'><a href=\"https:\/\/www.reveeveille.net\/cevennevivante\/lenceinte-protohistorique-de-la-rode\/\" class=\"_self pt-cv-href-thumbnail pt-cv-thumb-left\" target=\"_self\" ><img loading=\"lazy\" decoding=\"async\" width=\"150\" height=\"150\" src=\"https:\/\/www.reveeveille.net\/cevennevivante\/wp-content\/uploads\/2021\/03\/20071027_enceinte_protohistorique_drigas_mur_virage-150x150.jpg\" class=\"pt-cv-thumbnail pull-left\" alt=\"\" \/><\/a>\n<h4 class=\"pt-cv-title\"><a href=\"https:\/\/www.reveeveille.net\/cevennevivante\/lenceinte-protohistorique-de-la-rode\/\" class=\"_self\" target=\"_self\" >L&rsquo;enceinte protohistorique de la Rode<\/a><\/h4>\n<div class=\"pt-cv-content\">Au d\u00e9but de l'\u00e2ge du fer, (VIII\u00e8me si\u00e8cle avant JC), un essor d\u00e9mographique pousse les \"celtes des tumulus\" \u00e0 s'installer ...<br \/><div class=\"pt-cv-rmwrap\"><a href=\"https:\/\/www.reveeveille.net\/cevennevivante\/lenceinte-protohistorique-de-la-rode\/\" class=\"_self pt-cv-readmore btn btn-success\" target=\"_self\">Lire La Suite\u2026<\/a><\/div><\/div><\/div><\/div>\n<div class=\"col-md-12 col-sm-12 col-xs-12 pt-cv-content-item pt-cv-2-col\" ><div class='pt-cv-ifield'><a href=\"https:\/\/www.reveeveille.net\/cevennevivante\/assemblee-commemorative-a-lhospitalet\/\" class=\"_self pt-cv-href-thumbnail pt-cv-thumb-left\" target=\"_self\" ><img loading=\"lazy\" decoding=\"async\" width=\"150\" height=\"150\" src=\"https:\/\/www.reveeveille.net\/cevennevivante\/wp-content\/uploads\/2021\/02\/20080727_assemblee_protestante_hospitalet_04-150x150.jpg\" class=\"pt-cv-thumbnail pull-left\" alt=\"\" \/><\/a>\n<h4 class=\"pt-cv-title\"><a href=\"https:\/\/www.reveeveille.net\/cevennevivante\/assemblee-commemorative-a-lhospitalet\/\" class=\"_self\" target=\"_self\" >Assembl\u00e9e comm\u00e9morative \u00e0 l&rsquo;Hospitalet<\/a><\/h4>\n<div class=\"pt-cv-content\">\"Une soci\u00e9t\u00e9 libre est une soci\u00e9t\u00e9 indisciplin\u00e9e. Rappelons-nous o\u00f9 nous a parfois conduit l'ob\u00e9issance.\" Le silence est absolu dans la ...<br \/><div class=\"pt-cv-rmwrap\"><a href=\"https:\/\/www.reveeveille.net\/cevennevivante\/assemblee-commemorative-a-lhospitalet\/\" class=\"_self pt-cv-readmore btn btn-success\" target=\"_self\">Lire La Suite\u2026<\/a><\/div><\/div><\/div><\/div><\/div><\/div><\/div>\n","protected":false},"excerpt":{"rendered":"<p>Mes C\u00e9vennes ont beau \u00eatre \u00ab\u00a0vivantes\u00a0\u00bb, elles n&rsquo;en sont pas moins riches d&rsquo;une Histoire (avec un grand \u00ab\u00a0H\u00a0\u00bb) dense et passionnante, qui a laiss\u00e9 des traces partout. C&rsquo;est un sujet&hellip; <\/p>\n","protected":false},"author":3,"featured_media":0,"parent":0,"menu_order":0,"comment_status":"closed","ping_status":"closed","template":"","meta":{"footnotes":""},"class_list":["post-711","page","type-page","status-publish","hentry"],"jetpack_sharing_enabled":true,"_links":{"self":[{"href":"https:\/\/www.reveeveille.net\/cevennevivante\/wp-json\/wp\/v2\/pages\/711","targetHints":{"allow":["GET"]}}],"collection":[{"href":"https:\/\/www.reveeveille.net\/cevennevivante\/wp-json\/wp\/v2\/pages"}],"about":[{"href":"https:\/\/www.reveeveille.net\/cevennevivante\/wp-json\/wp\/v2\/types\/page"}],"author":[{"embeddable":true,"href":"https:\/\/www.reveeveille.net\/cevennevivante\/wp-json\/wp\/v2\/users\/3"}],"replies":[{"embeddable":true,"href":"https:\/\/www.reveeveille.net\/cevennevivante\/wp-json\/wp\/v2\/comments?post=711"}],"version-history":[{"count":4,"href":"https:\/\/www.reveeveille.net\/cevennevivante\/wp-json\/wp\/v2\/pages\/711\/revisions"}],"predecessor-version":[{"id":1486,"href":"https:\/\/www.reveeveille.net\/cevennevivante\/wp-json\/wp\/v2\/pages\/711\/revisions\/1486"}],"wp:attachment":[{"href":"https:\/\/www.reveeveille.net\/cevennevivante\/wp-json\/wp\/v2\/media?parent=711"}],"curies":[{"name":"wp","href":"https:\/\/api.w.org\/{rel}","templated":true}]}}