{"id":273,"date":"2021-12-16T16:58:48","date_gmt":"2021-12-16T15:58:48","guid":{"rendered":"http:\/\/www.reveeveille.net\/cevennevivante\/wordpress\/?page_id=273"},"modified":"2022-10-07T16:58:01","modified_gmt":"2022-10-07T14:58:01","slug":"laigoual","status":"publish","type":"page","link":"https:\/\/www.reveeveille.net\/cevennevivante\/laigoual\/","title":{"rendered":"L&rsquo;Aigoual"},"content":{"rendered":"\n<p>Malgr\u00e9 son altitude modeste (1570 m), c&rsquo;est peut-\u00eatre \u00e0 l&rsquo;Aigoual que la sensation d&rsquo;\u00eatre en montagne est la plus forte de toutes les C\u00e9vennes.<\/p>\n\n\n\n<iframe loading=\"lazy\" src=\"https:\/\/www.reveeveille.net\/geoportail\/cartepublique.aspx?idrubric=102\" width=\"100%\" height=\"400\"><\/iframe>\n\n\n<div class=\"pt-cv-wrapper\"><div class=\"pt-cv-view pt-cv-grid pt-cv-colsys\" id=\"pt-cv-view-fe4ccdb4yc\"><div data-id=\"pt-cv-page-1\" class=\"pt-cv-page\" data-cvc=\"1\"><div class=\"col-md-12 col-sm-12 col-xs-12 pt-cv-content-item pt-cv-2-col\" ><div class='pt-cv-ifield'><a href=\"https:\/\/www.reveeveille.net\/cevennevivante\/mitterrand-et-les-cevennes\/\" class=\"_self pt-cv-href-thumbnail pt-cv-thumb-left\" target=\"_self\" ><img loading=\"lazy\" decoding=\"async\" width=\"150\" height=\"150\" src=\"https:\/\/www.reveeveille.net\/cevennevivante\/wp-content\/uploads\/2021\/03\/Francois-Mitterrand-photographie-par-Anne-Pingeot-a-Massevaques-Lozere-en-1978_original_backup-150x150.jpg\" class=\"pt-cv-thumbnail pull-left\" alt=\"\" \/><\/a>\n<h4 class=\"pt-cv-title\"><a href=\"https:\/\/www.reveeveille.net\/cevennevivante\/mitterrand-et-les-cevennes\/\" class=\"_self\" target=\"_self\" >Mitterrand et les C\u00e9vennes<\/a><\/h4>\n<div class=\"pt-cv-content\">\"La chute lente du Ventoux sur la plaine de Carpentras,la t\u00eate ronde du Beuvray, la Loire laqu\u00e9e de Saint Beno\u00eet, ...<br \/><div class=\"pt-cv-rmwrap\"><a href=\"https:\/\/www.reveeveille.net\/cevennevivante\/mitterrand-et-les-cevennes\/\" class=\"_self pt-cv-readmore btn btn-success\" target=\"_self\">Lire La Suite\u2026<\/a><\/div><\/div><\/div><\/div>\n<div class=\"col-md-12 col-sm-12 col-xs-12 pt-cv-content-item pt-cv-2-col\" ><div class='pt-cv-ifield'><a href=\"https:\/\/www.reveeveille.net\/cevennevivante\/le-chemin-de-mitterrand\/\" class=\"_self pt-cv-href-thumbnail pt-cv-thumb-left\" target=\"_self\" ><img loading=\"lazy\" decoding=\"async\" width=\"150\" height=\"150\" src=\"https:\/\/www.reveeveille.net\/cevennevivante\/wp-content\/uploads\/2021\/02\/20170612_chemin_de_mitterrand_05-150x150.jpg\" class=\"pt-cv-thumbnail pull-left\" alt=\"\" \/><\/a>\n<h4 class=\"pt-cv-title\"><a href=\"https:\/\/www.reveeveille.net\/cevennevivante\/le-chemin-de-mitterrand\/\" class=\"_self\" target=\"_self\" >Le chemin de Mitterrand<\/a><\/h4>\n<div class=\"pt-cv-content\">Fran\u00e7ois Mitterrand connaissait et aimait les C\u00e9vennes. Vingt ans durant, il est r\u00e9guli\u00e8rement venu s\u00e9journer dans ce pays retranch\u00e9 du ...<br \/><div class=\"pt-cv-rmwrap\"><a href=\"https:\/\/www.reveeveille.net\/cevennevivante\/le-chemin-de-mitterrand\/\" class=\"_self pt-cv-readmore btn btn-success\" target=\"_self\">Lire La Suite\u2026<\/a><\/div><\/div><\/div><\/div>\n<div class=\"col-md-12 col-sm-12 col-xs-12 pt-cv-content-item pt-cv-2-col\" ><div class='pt-cv-ifield'><a href=\"https:\/\/www.reveeveille.net\/cevennevivante\/nager-dans-le-bonheur-on-connait-la-chamson\/\" class=\"_self pt-cv-href-thumbnail pt-cv-thumb-left\" target=\"_self\" ><img loading=\"lazy\" decoding=\"async\" width=\"150\" height=\"150\" src=\"https:\/\/www.reveeveille.net\/cevennevivante\/wp-content\/uploads\/2023\/11\/Lauberge-de-labime-1-150x150.jpg\" class=\"pt-cv-thumbnail pull-left\" alt=\"\" \/><\/a>\n<h4 class=\"pt-cv-title\"><a href=\"https:\/\/www.reveeveille.net\/cevennevivante\/nager-dans-le-bonheur-on-connait-la-chamson\/\" class=\"_self\" target=\"_self\" >Nager dans le Bonheur ? On conna\u00eet la Chamson, pas de quoi se mettre Martel en t\u00eate !<\/a><\/h4>\n<div class=\"pt-cv-content\">Une travers\u00e9e historique, aquatique et litt\u00e9raire de la grotte de Bramabiau Ailleurs dans ce site il a d\u00e9j\u00e0 \u00e9t\u00e9 question ...<br \/><div class=\"pt-cv-rmwrap\"><a href=\"https:\/\/www.reveeveille.net\/cevennevivante\/nager-dans-le-bonheur-on-connait-la-chamson\/\" class=\"_self pt-cv-readmore btn btn-success\" target=\"_self\">Lire La Suite\u2026<\/a><\/div><\/div><\/div><\/div>\n<div class=\"col-md-12 col-sm-12 col-xs-12 pt-cv-content-item pt-cv-2-col\" ><div class='pt-cv-ifield'><a href=\"https:\/\/www.reveeveille.net\/cevennevivante\/la-table-dorientation-de-laigoual\/\" class=\"_self pt-cv-href-thumbnail pt-cv-thumb-left\" target=\"_self\" ><img loading=\"lazy\" decoding=\"async\" width=\"150\" height=\"150\" src=\"https:\/\/www.reveeveille.net\/cevennevivante\/wp-content\/uploads\/2021\/08\/20111126_table_orientation_aigoual_01-150x150.jpg\" class=\"pt-cv-thumbnail pull-left\" alt=\"\" \/><\/a>\n<h4 class=\"pt-cv-title\"><a href=\"https:\/\/www.reveeveille.net\/cevennevivante\/la-table-dorientation-de-laigoual\/\" class=\"_self\" target=\"_self\" >La table d&rsquo;orientation de l&rsquo;Aigoual<\/a><\/h4>\n<div class=\"pt-cv-content\">Au sommet de l'Aigoual, il y a un ch\u00e2teau. A l'angle de ce ch\u00e2teau il y a une tour. Trapue, ...<br \/><div class=\"pt-cv-rmwrap\"><a href=\"https:\/\/www.reveeveille.net\/cevennevivante\/la-table-dorientation-de-laigoual\/\" class=\"_self pt-cv-readmore btn btn-success\" target=\"_self\">Lire La Suite\u2026<\/a><\/div><\/div><\/div><\/div>\n<div class=\"col-md-12 col-sm-12 col-xs-12 pt-cv-content-item pt-cv-2-col\" ><div class='pt-cv-ifield'><a href=\"https:\/\/www.reveeveille.net\/cevennevivante\/aigoual-montagne-maudite\/\" class=\"_self pt-cv-href-thumbnail pt-cv-thumb-left\" target=\"_self\" ><img loading=\"lazy\" decoding=\"async\" width=\"150\" height=\"150\" src=\"https:\/\/www.reveeveille.net\/cevennevivante\/wp-content\/uploads\/2021\/02\/20040121_balade_aigoual_glace_sur_poteau-150x150.jpg\" class=\"pt-cv-thumbnail pull-left\" alt=\"\" \/><\/a>\n<h4 class=\"pt-cv-title\"><a href=\"https:\/\/www.reveeveille.net\/cevennevivante\/aigoual-montagne-maudite\/\" class=\"_self\" target=\"_self\" >Aigoual, montagne maudite<\/a><\/h4>\n<div class=\"pt-cv-content\">Aujourd'hui c'est soir\u00e9e conte \u00e0 la ferme de Fretma. Les enfants et les parents, tout excit\u00e9s \u00e0 l'id\u00e9e d'\u00e9couter une ...<br \/><div class=\"pt-cv-rmwrap\"><a href=\"https:\/\/www.reveeveille.net\/cevennevivante\/aigoual-montagne-maudite\/\" class=\"_self pt-cv-readmore btn btn-success\" target=\"_self\">Lire La Suite\u2026<\/a><\/div><\/div><\/div><\/div>\n<div class=\"col-md-12 col-sm-12 col-xs-12 pt-cv-content-item pt-cv-2-col\" ><div class='pt-cv-ifield'><a href=\"https:\/\/www.reveeveille.net\/cevennevivante\/aigoual-lesprit-dun-grand\/\" class=\"_self pt-cv-href-thumbnail pt-cv-thumb-left\" target=\"_self\" ><img loading=\"lazy\" decoding=\"async\" width=\"150\" height=\"150\" src=\"https:\/\/www.reveeveille.net\/cevennevivante\/wp-content\/uploads\/2021\/01\/20040202_balade_aigoual_plot_du_four_soleil_couchant-150x150.jpg\" class=\"pt-cv-thumbnail pull-left\" alt=\"\" \/><\/a>\n<h4 class=\"pt-cv-title\"><a href=\"https:\/\/www.reveeveille.net\/cevennevivante\/aigoual-lesprit-dun-grand\/\" class=\"_self\" target=\"_self\" >Aigoual : l&rsquo;esprit d&rsquo;un grand<\/a><\/h4>\n<div class=\"pt-cv-content\">D'abord, il y a la for\u00eat. Elle enserre la montagne sur tous ses versants. Pas question d'atteindre le c\u0153ur du ...<br \/><div class=\"pt-cv-rmwrap\"><a href=\"https:\/\/www.reveeveille.net\/cevennevivante\/aigoual-lesprit-dun-grand\/\" class=\"_self pt-cv-readmore btn btn-success\" target=\"_self\">Lire La Suite\u2026<\/a><\/div><\/div><\/div><\/div>\n<div class=\"col-md-12 col-sm-12 col-xs-12 pt-cv-content-item pt-cv-2-col\" ><div class='pt-cv-ifield'><a href=\"https:\/\/www.reveeveille.net\/cevennevivante\/une-rose-au-paradis\/\" class=\"_self pt-cv-href-thumbnail pt-cv-thumb-left\" target=\"_self\" ><img loading=\"lazy\" decoding=\"async\" width=\"150\" height=\"150\" src=\"https:\/\/www.reveeveille.net\/cevennevivante\/wp-content\/uploads\/2021\/02\/Mitterrand-au-col-de-Portes-avec-Mazarine-sur-les-epaules-150x150.jpg\" class=\"pt-cv-thumbnail pull-left\" alt=\"\" \/><\/a>\n<h4 class=\"pt-cv-title\"><a href=\"https:\/\/www.reveeveille.net\/cevennevivante\/une-rose-au-paradis\/\" class=\"_self\" target=\"_self\" >Une rose au paradis<\/a><\/h4>\n<div class=\"pt-cv-content\">\"Une rose au paradis\" est le titre d'un roman de Ren\u00e9 Barjavel, que j'ai aim\u00e9, comme tous ses romans... Il ...<br \/><div class=\"pt-cv-rmwrap\"><a href=\"https:\/\/www.reveeveille.net\/cevennevivante\/une-rose-au-paradis\/\" class=\"_self pt-cv-readmore btn btn-success\" target=\"_self\">Lire La Suite\u2026<\/a><\/div><\/div><\/div><\/div>\n<div class=\"col-md-12 col-sm-12 col-xs-12 pt-cv-content-item pt-cv-2-col\" ><div class='pt-cv-ifield'><a href=\"https:\/\/www.reveeveille.net\/cevennevivante\/entre-deux-mers\/\" class=\"_self pt-cv-href-thumbnail pt-cv-thumb-left\" target=\"_self\" ><img loading=\"lazy\" decoding=\"async\" width=\"150\" height=\"150\" src=\"https:\/\/www.reveeveille.net\/cevennevivante\/wp-content\/uploads\/2021\/02\/20040121_balade_aigoual_mer_nuages-150x150.jpg\" class=\"pt-cv-thumbnail pull-left\" alt=\"\" \/><\/a>\n<h4 class=\"pt-cv-title\"><a href=\"https:\/\/www.reveeveille.net\/cevennevivante\/entre-deux-mers\/\" class=\"_self\" target=\"_self\" >Entre deux mers<\/a><\/h4>\n<div class=\"pt-cv-content\">Entre deux mers... voil\u00e0 une ballade plut\u00f4t conceptuelle : il s'agit de marcher, jour apr\u00e8s jour, sur le fil de ...<br \/><div class=\"pt-cv-rmwrap\"><a href=\"https:\/\/www.reveeveille.net\/cevennevivante\/entre-deux-mers\/\" class=\"_self pt-cv-readmore btn btn-success\" target=\"_self\">Lire La Suite\u2026<\/a><\/div><\/div><\/div><\/div>\n<div class=\"col-md-12 col-sm-12 col-xs-12 pt-cv-content-item pt-cv-2-col\" ><div class='pt-cv-ifield'><a href=\"https:\/\/www.reveeveille.net\/cevennevivante\/gens-de-laigoual\/\" class=\"_self pt-cv-href-thumbnail pt-cv-thumb-left\" target=\"_self\" ><img loading=\"lazy\" decoding=\"async\" width=\"150\" height=\"150\" src=\"https:\/\/www.reveeveille.net\/cevennevivante\/wp-content\/uploads\/2021\/03\/20081208_nils_a_laigoual_02-150x150.jpg\" class=\"pt-cv-thumbnail pull-left\" alt=\"\" \/><\/a>\n<h4 class=\"pt-cv-title\"><a href=\"https:\/\/www.reveeveille.net\/cevennevivante\/gens-de-laigoual\/\" class=\"_self\" target=\"_self\" >Gens de l&rsquo;Aigoual<\/a><\/h4>\n<div class=\"pt-cv-content\">Timidement, je sonne \u00e0 la porte du v\u00e9n\u00e9rable b\u00e2timent. L'observatoire de l'Aigoual est un lieu charg\u00e9 d'histoires, presque l\u00e9gendaire. En ...<br \/><div class=\"pt-cv-rmwrap\"><a href=\"https:\/\/www.reveeveille.net\/cevennevivante\/gens-de-laigoual\/\" class=\"_self pt-cv-readmore btn btn-success\" target=\"_self\">Lire La Suite\u2026<\/a><\/div><\/div><\/div><\/div><\/div><\/div><\/div>\n\n\n\n<figure class=\"wp-block-image\"><img decoding=\"async\" src=\"http:\/\/www.reveeveille.net\/photos\/2021\/0105_ski_de_fonds_can_de_lhospitalet\/20210105_ski_de_fonds_can_de_lhospitalet_02.jpg\" alt=\"\"\/><figcaption>L&rsquo;aigoual en hiver, aper\u00e7u depuis le plateau enneig\u00e9 de la Can de l&rsquo;Hospitalet<\/figcaption><\/figure>\n","protected":false},"excerpt":{"rendered":"<p>Malgr\u00e9 son altitude modeste (1570 m), c&rsquo;est peut-\u00eatre \u00e0 l&rsquo;Aigoual que la sensation d&rsquo;\u00eatre en montagne est la plus forte de toutes les C\u00e9vennes.<\/p>\n","protected":false},"author":3,"featured_media":282,"parent":0,"menu_order":0,"comment_status":"closed","ping_status":"closed","template":"","meta":{"footnotes":""},"class_list":["post-273","page","type-page","status-publish","has-post-thumbnail","hentry"],"jetpack_sharing_enabled":true,"_links":{"self":[{"href":"https:\/\/www.reveeveille.net\/cevennevivante\/wp-json\/wp\/v2\/pages\/273","targetHints":{"allow":["GET"]}}],"collection":[{"href":"https:\/\/www.reveeveille.net\/cevennevivante\/wp-json\/wp\/v2\/pages"}],"about":[{"href":"https:\/\/www.reveeveille.net\/cevennevivante\/wp-json\/wp\/v2\/types\/page"}],"author":[{"embeddable":true,"href":"https:\/\/www.reveeveille.net\/cevennevivante\/wp-json\/wp\/v2\/users\/3"}],"replies":[{"embeddable":true,"href":"https:\/\/www.reveeveille.net\/cevennevivante\/wp-json\/wp\/v2\/comments?post=273"}],"version-history":[{"count":5,"href":"https:\/\/www.reveeveille.net\/cevennevivante\/wp-json\/wp\/v2\/pages\/273\/revisions"}],"predecessor-version":[{"id":2091,"href":"https:\/\/www.reveeveille.net\/cevennevivante\/wp-json\/wp\/v2\/pages\/273\/revisions\/2091"}],"wp:featuredmedia":[{"embeddable":true,"href":"https:\/\/www.reveeveille.net\/cevennevivante\/wp-json\/wp\/v2\/media\/282"}],"wp:attachment":[{"href":"https:\/\/www.reveeveille.net\/cevennevivante\/wp-json\/wp\/v2\/media?parent=273"}],"curies":[{"name":"wp","href":"https:\/\/api.w.org\/{rel}","templated":true}]}}