{"id":264,"date":"2021-01-30T07:43:06","date_gmt":"2021-01-30T06:43:06","guid":{"rendered":"http:\/\/www.reveeveille.net\/cevennevivante\/wordpress\/?page_id=264"},"modified":"2021-10-31T21:31:40","modified_gmt":"2021-10-31T20:31:40","slug":"lesprit-des-lieux","status":"publish","type":"page","link":"https:\/\/www.reveeveille.net\/cevennevivante\/lesprit-des-lieux\/","title":{"rendered":"L&rsquo;esprit des lieux"},"content":{"rendered":"\n<p>Qu&rsquo;est-ce qui fait que \u00ab\u00a0Ici, c&rsquo;est pas comme ailleurs\u00a0\u00bb ? Avant de se plonger plus avant dans le d\u00e9tail de ce pays passionnant, voici quelques regards g\u00e9n\u00e9raux, tr\u00e8s personnels et subjectifs, et donc forc\u00e9ment peu pr\u00e9cis, partiaux, caricaturaux et \u00e9nervants sur les C\u00e9vennes et la Loz\u00e8re.<\/p>\n\n\n<div class=\"pt-cv-wrapper\"><div class=\"pt-cv-view pt-cv-grid pt-cv-colsys\" id=\"pt-cv-view-70fd47bqkj\"><div data-id=\"pt-cv-page-1\" class=\"pt-cv-page\" data-cvc=\"2\"><div class=\"col-md-6 col-sm-6 col-xs-12 pt-cv-content-item pt-cv-2-col\" ><div class='pt-cv-ifield'><a href=\"https:\/\/www.reveeveille.net\/cevennevivante\/les-bartas-cevenols\/\" class=\"_self pt-cv-href-thumbnail pt-cv-thumb-left\" target=\"_self\" ><img loading=\"lazy\" decoding=\"async\" width=\"150\" height=\"150\" src=\"https:\/\/www.reveeveille.net\/cevennevivante\/wp-content\/uploads\/2025\/03\/20130616_can_de_ferriere_01-150x150.jpg\" class=\"pt-cv-thumbnail pull-left\" alt=\"\" \/><\/a>\n<h4 class=\"pt-cv-title\"><a href=\"https:\/\/www.reveeveille.net\/cevennevivante\/les-bartas-cevenols\/\" class=\"_self\" target=\"_self\" >Le \u00ab\u00a0bartas\u00a0\u00bb c\u00e9venol<\/a><\/h4>\n<div class=\"pt-cv-content\">Si comme moi vous \u00eates amateur.ice de balades dans la nature c\u00e9venole, vous serez forc\u00e9ment confront\u00e9.e au \"Bartas\". Ce terme, ...<br \/><div class=\"pt-cv-rmwrap\"><a href=\"https:\/\/www.reveeveille.net\/cevennevivante\/les-bartas-cevenols\/\" class=\"_self pt-cv-readmore btn btn-success\" target=\"_self\">Lire<\/a><\/div><\/div><\/div><\/div>\n<div class=\"col-md-6 col-sm-6 col-xs-12 pt-cv-content-item pt-cv-2-col\" ><div class='pt-cv-ifield'><a href=\"https:\/\/www.reveeveille.net\/cevennevivante\/pistes\/\" class=\"_self pt-cv-href-thumbnail pt-cv-thumb-left\" target=\"_self\" ><img loading=\"lazy\" decoding=\"async\" width=\"150\" height=\"150\" src=\"https:\/\/www.reveeveille.net\/cevennevivante\/wp-content\/uploads\/2025\/01\/20240204_mont_gargo_05-150x150.jpg\" class=\"pt-cv-thumbnail pull-left\" alt=\"\" \/><\/a>\n<h4 class=\"pt-cv-title\"><a href=\"https:\/\/www.reveeveille.net\/cevennevivante\/pistes\/\" class=\"_self\" target=\"_self\" >Pistes<\/a><\/h4>\n<div class=\"pt-cv-content\">Au citadin, les pistes apparaissent g\u00e9n\u00e9ralement comme des lieux inqui\u00e9tants. On ne s'y aventure que rarement, \u00e0 l'occasion de vacances ...<br \/><div class=\"pt-cv-rmwrap\"><a href=\"https:\/\/www.reveeveille.net\/cevennevivante\/pistes\/\" class=\"_self pt-cv-readmore btn btn-success\" target=\"_self\">Lire<\/a><\/div><\/div><\/div><\/div>\n<div class=\"col-md-6 col-sm-6 col-xs-12 pt-cv-content-item pt-cv-2-col\" ><div class='pt-cv-ifield'><a href=\"https:\/\/www.reveeveille.net\/cevennevivante\/legendes-rurales\/\" class=\"_self pt-cv-href-thumbnail pt-cv-thumb-left\" target=\"_self\" ><img loading=\"lazy\" decoding=\"async\" width=\"150\" height=\"150\" src=\"https:\/\/www.reveeveille.net\/cevennevivante\/wp-content\/uploads\/2021\/01\/ArbreLune-150x150.jpg\" class=\"pt-cv-thumbnail pull-left\" alt=\"\" \/><\/a>\n<h4 class=\"pt-cv-title\"><a href=\"https:\/\/www.reveeveille.net\/cevennevivante\/legendes-rurales\/\" class=\"_self\" target=\"_self\" >L\u00e9gendes rurales de Loz\u00e8re<\/a><\/h4>\n<div class=\"pt-cv-content\">Il y a bien longtemps j\u2019appris que la Loz\u00e8re \u00e9tait le d\u00e9partement \u00e0 l\u2019altitude moyenne la plus \u00e9lev\u00e9e de France ...<br \/><div class=\"pt-cv-rmwrap\"><a href=\"https:\/\/www.reveeveille.net\/cevennevivante\/legendes-rurales\/\" class=\"_self pt-cv-readmore btn btn-success\" target=\"_self\">Lire<\/a><\/div><\/div><\/div><\/div>\n<div class=\"col-md-6 col-sm-6 col-xs-12 pt-cv-content-item pt-cv-2-col\" ><div class='pt-cv-ifield'><a href=\"https:\/\/www.reveeveille.net\/cevennevivante\/noms-et-prenoms-en-cevennes\/\" class=\"_self pt-cv-href-thumbnail pt-cv-thumb-left\" target=\"_self\" ><img loading=\"lazy\" decoding=\"async\" width=\"150\" height=\"150\" src=\"https:\/\/www.reveeveille.net\/cevennevivante\/wp-content\/uploads\/2021\/02\/Sur-la-crete-150x150.jpg\" class=\"pt-cv-thumbnail pull-left\" alt=\"\" \/><\/a>\n<h4 class=\"pt-cv-title\"><a href=\"https:\/\/www.reveeveille.net\/cevennevivante\/noms-et-prenoms-en-cevennes\/\" class=\"_self\" target=\"_self\" >Noms et pr\u00e9noms en C\u00e9vennes<\/a><\/h4>\n<div class=\"pt-cv-content\">Les c\u00e9venols de souche, de par leur appartenance \u00e0 des familles locales, ont cette chance de porter des noms connus ...<br \/><div class=\"pt-cv-rmwrap\"><a href=\"https:\/\/www.reveeveille.net\/cevennevivante\/noms-et-prenoms-en-cevennes\/\" class=\"_self pt-cv-readmore btn btn-success\" target=\"_self\">Lire<\/a><\/div><\/div><\/div><\/div>\n<div class=\"col-md-6 col-sm-6 col-xs-12 pt-cv-content-item pt-cv-2-col\" ><div class='pt-cv-ifield'><a href=\"https:\/\/www.reveeveille.net\/cevennevivante\/mes-cevennes-a-moi\/\" class=\"_self pt-cv-href-thumbnail pt-cv-thumb-left\" target=\"_self\" ><img loading=\"lazy\" decoding=\"async\" width=\"150\" height=\"150\" src=\"https:\/\/www.reveeveille.net\/cevennevivante\/wp-content\/uploads\/2021\/04\/20181215_alpes_depuis_lespinas_01-150x150.jpg\" class=\"pt-cv-thumbnail pull-left\" alt=\"\" \/><\/a>\n<h4 class=\"pt-cv-title\"><a href=\"https:\/\/www.reveeveille.net\/cevennevivante\/mes-cevennes-a-moi\/\" class=\"_self\" target=\"_self\" >Mes C\u00e9vennes \u00e0 moi<\/a><\/h4>\n<div class=\"pt-cv-content\">C'est quoi, au juste, les C\u00e9vennes ? A cette question vaste comme le monde, je vais d\u2019abord vous proposer ma ...<br \/><div class=\"pt-cv-rmwrap\"><a href=\"https:\/\/www.reveeveille.net\/cevennevivante\/mes-cevennes-a-moi\/\" class=\"_self pt-cv-readmore btn btn-success\" target=\"_self\">Lire<\/a><\/div><\/div><\/div><\/div>\n<div class=\"col-md-6 col-sm-6 col-xs-12 pt-cv-content-item pt-cv-2-col\" ><div class='pt-cv-ifield'><a href=\"https:\/\/www.reveeveille.net\/cevennevivante\/la-plus-belle-cabine-telephonique-du-monde\/\" class=\"_self pt-cv-href-thumbnail pt-cv-thumb-left\" target=\"_self\" ><img loading=\"lazy\" decoding=\"async\" width=\"150\" height=\"150\" src=\"https:\/\/www.reveeveille.net\/cevennevivante\/wp-content\/uploads\/2021\/09\/20081213_neige_saint_laurent_03-150x150.jpg\" class=\"pt-cv-thumbnail pull-left\" alt=\"\" \/><\/a>\n<h4 class=\"pt-cv-title\"><a href=\"https:\/\/www.reveeveille.net\/cevennevivante\/la-plus-belle-cabine-telephonique-du-monde\/\" class=\"_self\" target=\"_self\" >La plus belle cabine t\u00e9l\u00e9phonique du monde<\/a><\/h4>\n<div class=\"pt-cv-content\">La p\u00e9n\u00e9tration du t\u00e9l\u00e9phone portable en C\u00e9vennes est plus lente qu'ailleurs. Certains grands op\u00e9rateurs annoncent fi\u00e8rement qu'ils couvrent tout le ...<br \/><div class=\"pt-cv-rmwrap\"><a href=\"https:\/\/www.reveeveille.net\/cevennevivante\/la-plus-belle-cabine-telephonique-du-monde\/\" class=\"_self pt-cv-readmore btn btn-success\" target=\"_self\">Lire<\/a><\/div><\/div><\/div><\/div>\n<div class=\"col-md-6 col-sm-6 col-xs-12 pt-cv-content-item pt-cv-2-col\" ><div class='pt-cv-ifield'><a href=\"https:\/\/www.reveeveille.net\/cevennevivante\/lozere-peu-peuplee\/\" class=\"_self pt-cv-href-thumbnail pt-cv-thumb-left\" target=\"_self\" ><img loading=\"lazy\" decoding=\"async\" width=\"150\" height=\"150\" src=\"https:\/\/www.reveeveille.net\/cevennevivante\/wp-content\/uploads\/2021\/01\/20060929_nuit_causse_st_laurent_brume-150x150.jpg\" class=\"pt-cv-thumbnail pull-left\" alt=\"\" \/><\/a>\n<h4 class=\"pt-cv-title\"><a href=\"https:\/\/www.reveeveille.net\/cevennevivante\/lozere-peu-peuplee\/\" class=\"_self\" target=\"_self\" >Loz\u00e8re peu peupl\u00e9e<\/a><\/h4>\n<div class=\"pt-cv-content\">Une large partie des C\u00e9vennes est situ\u00e9e dans le d\u00e9partement de la Loz\u00e8re. Ce d\u00e9partement peu banal pr\u00e9sente la particularit\u00e9 ...<br \/><div class=\"pt-cv-rmwrap\"><a href=\"https:\/\/www.reveeveille.net\/cevennevivante\/lozere-peu-peuplee\/\" class=\"_self pt-cv-readmore btn btn-success\" target=\"_self\">Lire<\/a><\/div><\/div><\/div><\/div>\n<div class=\"col-md-6 col-sm-6 col-xs-12 pt-cv-content-item pt-cv-2-col\" ><div class='pt-cv-ifield'><a href=\"https:\/\/www.reveeveille.net\/cevennevivante\/un-pont-ou-personne-ne-passe\/\" class=\"_self pt-cv-href-thumbnail pt-cv-thumb-left\" target=\"_self\" ><img loading=\"lazy\" decoding=\"async\" width=\"150\" height=\"150\" src=\"https:\/\/www.reveeveille.net\/cevennevivante\/wp-content\/uploads\/2021\/09\/20100930_pont_de_vernague_02-150x150.jpg\" class=\"pt-cv-thumbnail pull-left\" alt=\"\" \/><\/a>\n<h4 class=\"pt-cv-title\"><a href=\"https:\/\/www.reveeveille.net\/cevennevivante\/un-pont-ou-personne-ne-passe\/\" class=\"_self\" target=\"_self\" >Un pont o\u00f9 personne ne passe<\/a><\/h4>\n<div class=\"pt-cv-content\">C'est un pont o\u00f9 personne ne passePerspective de fers rouill\u00e9sSous son arche la rivi\u00e8re inventeune cavatine \u00e9raill\u00e9e.La nuit promet son ...<br \/><div class=\"pt-cv-rmwrap\"><a href=\"https:\/\/www.reveeveille.net\/cevennevivante\/un-pont-ou-personne-ne-passe\/\" class=\"_self pt-cv-readmore btn btn-success\" target=\"_self\">Lire<\/a><\/div><\/div><\/div><\/div>\n<div class=\"col-md-6 col-sm-6 col-xs-12 pt-cv-content-item pt-cv-2-col\" ><div class='pt-cv-ifield'><a href=\"https:\/\/www.reveeveille.net\/cevennevivante\/les-cevennes-cest-comment\/\" class=\"_self pt-cv-href-thumbnail pt-cv-thumb-left\" target=\"_self\" ><img loading=\"lazy\" decoding=\"async\" width=\"150\" height=\"150\" src=\"https:\/\/www.reveeveille.net\/cevennevivante\/wp-content\/uploads\/2021\/03\/Alpes-et-rochers-de-trenze-depuis-la-route-des-cretes-150x150.jpg\" class=\"pt-cv-thumbnail pull-left\" alt=\"\" \/><\/a>\n<h4 class=\"pt-cv-title\"><a href=\"https:\/\/www.reveeveille.net\/cevennevivante\/les-cevennes-cest-comment\/\" class=\"_self\" target=\"_self\" >Les C\u00e9vennes c&rsquo;est comment ?<\/a><\/h4>\n<div class=\"pt-cv-content\">S'il est justement une question \u00e0 laquelle il n'est pas possible de r\u00e9pondre simplement concernant les C\u00e9vennes, c'est bien celle-l\u00e0 ...<br \/><div class=\"pt-cv-rmwrap\"><a href=\"https:\/\/www.reveeveille.net\/cevennevivante\/les-cevennes-cest-comment\/\" class=\"_self pt-cv-readmore btn btn-success\" target=\"_self\">Lire<\/a><\/div><\/div><\/div><\/div>\n<div class=\"col-md-6 col-sm-6 col-xs-12 pt-cv-content-item pt-cv-2-col\" ><div class='pt-cv-ifield'><a href=\"https:\/\/www.reveeveille.net\/cevennevivante\/les-portes-des-cevennes\/\" class=\"_self pt-cv-href-thumbnail pt-cv-thumb-left\" target=\"_self\" ><img loading=\"lazy\" decoding=\"async\" width=\"150\" height=\"150\" src=\"https:\/\/www.reveeveille.net\/cevennevivante\/wp-content\/uploads\/2021\/03\/20020610_blanquefort_gorges_tarn_de_blanquefort-150x150.jpg\" class=\"pt-cv-thumbnail pull-left\" alt=\"\" \/><\/a>\n<h4 class=\"pt-cv-title\"><a href=\"https:\/\/www.reveeveille.net\/cevennevivante\/les-portes-des-cevennes\/\" class=\"_self\" target=\"_self\" >Les portes des C\u00e9vennes<\/a><\/h4>\n<div class=\"pt-cv-content\">Par o\u00f9 entrer en C\u00e9vennes ? Il convient de bien choisir sa porte, car tout le reste en d\u00e9pendra. La ...<br \/><div class=\"pt-cv-rmwrap\"><a href=\"https:\/\/www.reveeveille.net\/cevennevivante\/les-portes-des-cevennes\/\" class=\"_self pt-cv-readmore btn btn-success\" target=\"_self\">Lire<\/a><\/div><\/div><\/div><\/div>\n<div class=\"col-md-6 col-sm-6 col-xs-12 pt-cv-content-item pt-cv-2-col\" ><div class='pt-cv-ifield'><a href=\"https:\/\/www.reveeveille.net\/cevennevivante\/les-cevennes-cest-quoi\/\" class=\"_self pt-cv-href-thumbnail pt-cv-thumb-left\" target=\"_self\" ><img loading=\"lazy\" decoding=\"async\" width=\"150\" height=\"150\" src=\"https:\/\/www.reveeveille.net\/cevennevivante\/wp-content\/uploads\/2021\/03\/carte_cevennes-150x150.jpg\" class=\"pt-cv-thumbnail pull-left\" alt=\"\" \/><\/a>\n<h4 class=\"pt-cv-title\"><a href=\"https:\/\/www.reveeveille.net\/cevennevivante\/les-cevennes-cest-quoi\/\" class=\"_self\" target=\"_self\" >Les C\u00e9vennes, c&rsquo;est quoi, c&rsquo;est o\u00f9 ?<\/a><\/h4>\n<div class=\"pt-cv-content\">Il se dit que si tous les fran\u00e7ais connaissent le nom de \"C\u00e9venne\", c'est parce qu'il est quasiment prononc\u00e9 chaque ...<br \/><div class=\"pt-cv-rmwrap\"><a href=\"https:\/\/www.reveeveille.net\/cevennevivante\/les-cevennes-cest-quoi\/\" class=\"_self pt-cv-readmore btn btn-success\" target=\"_self\">Lire<\/a><\/div><\/div><\/div><\/div><\/div><\/div><\/div>\n","protected":false},"excerpt":{"rendered":"<p>Qu&rsquo;est-ce qui fait que \u00ab\u00a0Ici, c&rsquo;est pas comme ailleurs\u00a0\u00bb ? Avant de se plonger plus avant dans le d\u00e9tail de ce pays passionnant, voici quelques regards g\u00e9n\u00e9raux, tr\u00e8s personnels et&hellip; <\/p>\n","protected":false},"author":3,"featured_media":0,"parent":0,"menu_order":0,"comment_status":"closed","ping_status":"closed","template":"","meta":{"footnotes":""},"class_list":["post-264","page","type-page","status-publish","hentry"],"_links":{"self":[{"href":"https:\/\/www.reveeveille.net\/cevennevivante\/wp-json\/wp\/v2\/pages\/264","targetHints":{"allow":["GET"]}}],"collection":[{"href":"https:\/\/www.reveeveille.net\/cevennevivante\/wp-json\/wp\/v2\/pages"}],"about":[{"href":"https:\/\/www.reveeveille.net\/cevennevivante\/wp-json\/wp\/v2\/types\/page"}],"author":[{"embeddable":true,"href":"https:\/\/www.reveeveille.net\/cevennevivante\/wp-json\/wp\/v2\/users\/3"}],"replies":[{"embeddable":true,"href":"https:\/\/www.reveeveille.net\/cevennevivante\/wp-json\/wp\/v2\/comments?post=264"}],"version-history":[{"count":4,"href":"https:\/\/www.reveeveille.net\/cevennevivante\/wp-json\/wp\/v2\/pages\/264\/revisions"}],"predecessor-version":[{"id":1487,"href":"https:\/\/www.reveeveille.net\/cevennevivante\/wp-json\/wp\/v2\/pages\/264\/revisions\/1487"}],"wp:attachment":[{"href":"https:\/\/www.reveeveille.net\/cevennevivante\/wp-json\/wp\/v2\/media?parent=264"}],"curies":[{"name":"wp","href":"https:\/\/api.w.org\/{rel}","templated":true}]}}