{"id":260,"date":"2021-01-30T07:37:44","date_gmt":"2021-01-30T06:37:44","guid":{"rendered":"http:\/\/www.reveeveille.net\/cevennevivante\/wordpress\/?page_id=260"},"modified":"2021-10-29T17:10:11","modified_gmt":"2021-10-29T15:10:11","slug":"les-gens","status":"publish","type":"page","link":"https:\/\/www.reveeveille.net\/cevennevivante\/les-gens\/","title":{"rendered":"Les gens"},"content":{"rendered":"\n<p>Pour commencer \u00e0 comprendre ce que sont les gens de ce pays, il faut tout d&rsquo;abord savoir que nous sommes <a href=\"https:\/\/www.reveeveille.net\/cevennevivante\/?p=202\" data-type=\"post\" data-id=\"202\">tr\u00e8s peu<\/a>. La Loz\u00e8re est le d\u00e9partement le moins peupl\u00e9 de France avec seulement 70.000 habitants. Imaginez la population d&rsquo;un petit arrondissement de Paris \u00e9tal\u00e9e sur un d\u00e9partement. En C\u00e9vennes, l&rsquo;\u00eatre humain est donc rare. Rare, mais pr\u00e9sent partout. Allez comprendre !<\/p>\n\n\n\n<p>Pour continuer \u00e0 faire connaissance avec les gens de ce pays, il faut comprendre qu&rsquo;ils ont pour beaucoup <strong>quelque chose de particulier <\/strong>: soit ils sont n\u00e9s ici et ont choisi d&rsquo;y rester, ce qui est une sacr\u00e9 d\u00e9cision \u00e0 l&rsquo;heure de la mondialisation, soit ils sont d&rsquo;ailleurs et ils ont choisi d&rsquo;y venir, ce qui est encore plus incompr\u00e9hensible pour la majeure partie des fran\u00e7ais. Cas interm\u00e9diaire, ils sont originaires d&rsquo;ici, mais ils en sont partis, avant de revenir.<\/p>\n\n\n\n<p>Voil\u00e0 pourquoi tr\u00e8s souvent ils ont des histoires de vie singuli\u00e8res, des projets originaux, des mani\u00e8res de vivre peu courantes. C&rsquo;est tout cela que se propose d&rsquo;explorer cette rubrique\u2026<\/p>\n\n\n<div class=\"pt-cv-wrapper\"><div class=\"pt-cv-view pt-cv-grid pt-cv-colsys\" id=\"pt-cv-view-6d222fcmwb\"><div data-id=\"pt-cv-page-1\" class=\"pt-cv-page\" data-cvc=\"1\"><div class=\"col-md-12 col-sm-12 col-xs-12 pt-cv-content-item pt-cv-2-col\" ><div class='pt-cv-ifield'><a href=\"https:\/\/www.reveeveille.net\/cevennevivante\/le-berger-qui-aimait-les-loups\/\" class=\"_self pt-cv-href-thumbnail pt-cv-thumb-left\" target=\"_self\" ><img loading=\"lazy\" decoding=\"async\" width=\"150\" height=\"150\" src=\"https:\/\/www.reveeveille.net\/cevennevivante\/wp-content\/uploads\/2022\/12\/20141030_avec_christian_avesque_agnelage_09-150x150.jpg\" class=\"pt-cv-thumbnail pull-left\" alt=\"\" \/><\/a>\n<h4 class=\"pt-cv-title\"><a href=\"https:\/\/www.reveeveille.net\/cevennevivante\/le-berger-qui-aimait-les-loups\/\" class=\"_self\" target=\"_self\" >Le berger qui aimait les loups mais pas la guerre<\/a><\/h4>\n<div class=\"pt-cv-content\">L'homme dont je vais vous parler n'est plus de ce monde. Je pr\u00e9f\u00e8re vous le dire tout de suite, pour ...<br \/><div class=\"pt-cv-rmwrap\"><a href=\"https:\/\/www.reveeveille.net\/cevennevivante\/le-berger-qui-aimait-les-loups\/\" class=\"_self pt-cv-readmore btn btn-success\" target=\"_self\">Lire La Suite\u2026<\/a><\/div><\/div><\/div><\/div>\n<div class=\"col-md-12 col-sm-12 col-xs-12 pt-cv-content-item pt-cv-2-col\" ><div class='pt-cv-ifield'><a href=\"https:\/\/www.reveeveille.net\/cevennevivante\/le-cevenol-vers-1895\/\" class=\"_self pt-cv-href-thumbnail pt-cv-thumb-left\" target=\"_self\" ><img loading=\"lazy\" decoding=\"async\" width=\"150\" height=\"150\" src=\"https:\/\/www.reveeveille.net\/cevennevivante\/wp-content\/uploads\/2021\/03\/Vieux_paysan-150x150.jpg\" class=\"pt-cv-thumbnail pull-left\" alt=\"\" \/><\/a>\n<h4 class=\"pt-cv-title\"><a href=\"https:\/\/www.reveeveille.net\/cevennevivante\/le-cevenol-vers-1895\/\" class=\"_self\" target=\"_self\" >Le c\u00e9venol vers 1895<\/a><\/h4>\n<div class=\"pt-cv-content\">Texte construit \u00e0 partir d'extraits choisis (avec mauvaise foi, je l'admet) dans <a href=\"https:\/\/www.reveeveille.net\/candelhospitalet\/?page_id=2627\">lcgt<\/a>, pages 89 \u00e0 132. \"<em>Malgr\u00e9 les beaux ...<br \/><div class=\"pt-cv-rmwrap\"><a href=\"https:\/\/www.reveeveille.net\/cevennevivante\/le-cevenol-vers-1895\/\" class=\"_self pt-cv-readmore btn btn-success\" target=\"_self\">Lire La Suite\u2026<\/a><\/div><\/em><\/div><\/div><\/div>\n<div class=\"col-md-12 col-sm-12 col-xs-12 pt-cv-content-item pt-cv-2-col\" ><div class='pt-cv-ifield'><a href=\"https:\/\/www.reveeveille.net\/cevennevivante\/contact-furtif\/\" class=\"_self pt-cv-href-thumbnail pt-cv-thumb-left\" target=\"_self\" ><img loading=\"lazy\" decoding=\"async\" width=\"150\" height=\"150\" src=\"https:\/\/www.reveeveille.net\/cevennevivante\/wp-content\/uploads\/2021\/03\/20110831_vallon_de_saint_flour_07-150x150.jpg\" class=\"pt-cv-thumbnail pull-left\" alt=\"\" \/><\/a>\n<h4 class=\"pt-cv-title\"><a href=\"https:\/\/www.reveeveille.net\/cevennevivante\/contact-furtif\/\" class=\"_self\" target=\"_self\" >Contact<\/a><\/h4>\n<div class=\"pt-cv-content\">Apr\u00e8s une demi-heure de marche, la vall\u00e9e devient plus \u00e9troite. Le chemin plonge vers la rivi\u00e8re que l'on entend au ...<br \/><div class=\"pt-cv-rmwrap\"><a href=\"https:\/\/www.reveeveille.net\/cevennevivante\/contact-furtif\/\" class=\"_self pt-cv-readmore btn btn-success\" target=\"_self\">Lire La Suite\u2026<\/a><\/div><\/div><\/div><\/div>\n<div class=\"col-md-12 col-sm-12 col-xs-12 pt-cv-content-item pt-cv-2-col\" ><div class='pt-cv-ifield'><a href=\"https:\/\/www.reveeveille.net\/cevennevivante\/roger-le-marcheur-des-cevennes\/\" class=\"_self pt-cv-href-thumbnail pt-cv-thumb-left\" target=\"_self\" ><img loading=\"lazy\" decoding=\"async\" width=\"150\" height=\"150\" src=\"https:\/\/www.reveeveille.net\/cevennevivante\/wp-content\/uploads\/2021\/01\/2006-08-24.-Roger-Lagrave-sur-lun-des-puechs-des-Bondons-lors-du-congres-de-mythologie-2006-a-Florac-150x150.jpg\" class=\"pt-cv-thumbnail pull-left\" alt=\"\" \/><\/a>\n<h4 class=\"pt-cv-title\"><a href=\"https:\/\/www.reveeveille.net\/cevennevivante\/roger-le-marcheur-des-cevennes\/\" class=\"_self\" target=\"_self\" >Roger, le marcheur des C\u00e9vennes<\/a><\/h4>\n<div class=\"pt-cv-content\"><em>Un jour, Roger frappa \u00e0 ma porte avec une \u00e9paisse chemise cartonn\u00e9e orange sous le bras. Elle \u00e9tait pleine de ...<br \/><div class=\"pt-cv-rmwrap\"><a href=\"https:\/\/www.reveeveille.net\/cevennevivante\/roger-le-marcheur-des-cevennes\/\" class=\"_self pt-cv-readmore btn btn-success\" target=\"_self\">Lire La Suite\u2026<\/a><\/div><\/em><\/div><\/div><\/div>\n<div class=\"col-md-12 col-sm-12 col-xs-12 pt-cv-content-item pt-cv-2-col\" ><div class='pt-cv-ifield'><a href=\"https:\/\/www.reveeveille.net\/cevennevivante\/le-palet-blanc-du-castelas-de-saint-laurent-de-treves\/\" class=\"_self pt-cv-href-thumbnail pt-cv-thumb-left\" target=\"_self\" ><img loading=\"lazy\" decoding=\"async\" width=\"150\" height=\"150\" src=\"https:\/\/www.reveeveille.net\/cevennevivante\/wp-content\/uploads\/2021\/10\/20060613_can_broussous_palet_verso-150x150.jpg\" class=\"pt-cv-thumbnail pull-left\" alt=\"\" \/><\/a>\n<h4 class=\"pt-cv-title\"><a href=\"https:\/\/www.reveeveille.net\/cevennevivante\/le-palet-blanc-du-castelas-de-saint-laurent-de-treves\/\" class=\"_self\" target=\"_self\" >Le palet blanc du castelas de Saint Laurent de Tr\u00e8ves<\/a><\/h4>\n<div class=\"pt-cv-content\">Nicole habite non loin du castelas de Saint Laurent. Souvent, elle s'y balade le nez au vent, mais les yeux ...<br \/><div class=\"pt-cv-rmwrap\"><a href=\"https:\/\/www.reveeveille.net\/cevennevivante\/le-palet-blanc-du-castelas-de-saint-laurent-de-treves\/\" class=\"_self pt-cv-readmore btn btn-success\" target=\"_self\">Lire La Suite\u2026<\/a><\/div><\/div><\/div><\/div>\n<div class=\"col-md-12 col-sm-12 col-xs-12 pt-cv-content-item pt-cv-2-col\" ><div class='pt-cv-ifield'><a href=\"https:\/\/www.reveeveille.net\/cevennevivante\/rene-allio-realisateur-des-camisards\/\" class=\"_self pt-cv-href-thumbnail pt-cv-thumb-left\" target=\"_self\" ><img loading=\"lazy\" decoding=\"async\" width=\"150\" height=\"150\" src=\"https:\/\/www.reveeveille.net\/cevennevivante\/wp-content\/uploads\/2021\/09\/20070604_traces_dinosaure_rene_allio_inscription_de_profil-150x150.jpg\" class=\"pt-cv-thumbnail pull-left\" alt=\"\" \/><\/a>\n<h4 class=\"pt-cv-title\"><a href=\"https:\/\/www.reveeveille.net\/cevennevivante\/rene-allio-realisateur-des-camisards\/\" class=\"_self\" target=\"_self\" >Ren\u00e9 Allio, r\u00e9alisateur des \u00ab\u00a0Camisards\u00a0\u00bb<\/a><\/h4>\n<div class=\"pt-cv-content\">Sur un rocher situ\u00e9 \u00e0 gauche du portail d'entr\u00e9e au <a href=\"https:\/\/www.reveeveille.net\/cevennevivante\/?p=7\" data-type=\"post\" data-id=\"7\">site des dinosaures de Saint Laurent de Tr\u00e8ves<\/a>\u00a0est grav\u00e9e une ...<br \/><div class=\"pt-cv-rmwrap\"><a href=\"https:\/\/www.reveeveille.net\/cevennevivante\/rene-allio-realisateur-des-camisards\/\" class=\"_self pt-cv-readmore btn btn-success\" target=\"_self\">Lire La Suite\u2026<\/a><\/div><\/div><\/div><\/div>\n<div class=\"col-md-12 col-sm-12 col-xs-12 pt-cv-content-item pt-cv-2-col\" ><div class='pt-cv-ifield'><a href=\"https:\/\/www.reveeveille.net\/cevennevivante\/gens-de-laigoual\/\" class=\"_self pt-cv-href-thumbnail pt-cv-thumb-left\" target=\"_self\" ><img loading=\"lazy\" decoding=\"async\" width=\"150\" height=\"150\" src=\"https:\/\/www.reveeveille.net\/cevennevivante\/wp-content\/uploads\/2021\/03\/20081208_nils_a_laigoual_02-150x150.jpg\" class=\"pt-cv-thumbnail pull-left\" alt=\"\" \/><\/a>\n<h4 class=\"pt-cv-title\"><a href=\"https:\/\/www.reveeveille.net\/cevennevivante\/gens-de-laigoual\/\" class=\"_self\" target=\"_self\" >Gens de l&rsquo;Aigoual<\/a><\/h4>\n<div class=\"pt-cv-content\">Timidement, je sonne \u00e0 la porte du v\u00e9n\u00e9rable b\u00e2timent. L'observatoire de l'Aigoual est un lieu charg\u00e9 d'histoires, presque l\u00e9gendaire. En ...<br \/><div class=\"pt-cv-rmwrap\"><a href=\"https:\/\/www.reveeveille.net\/cevennevivante\/gens-de-laigoual\/\" class=\"_self pt-cv-readmore btn btn-success\" target=\"_self\">Lire La Suite\u2026<\/a><\/div><\/div><\/div><\/div>\n<div class=\"col-md-12 col-sm-12 col-xs-12 pt-cv-content-item pt-cv-2-col\" ><div class='pt-cv-ifield'><a href=\"https:\/\/www.reveeveille.net\/cevennevivante\/vieux-cevenol-versus-vieux-cevenol\/\" class=\"_self pt-cv-href-thumbnail pt-cv-thumb-left\" target=\"_self\" ><img loading=\"lazy\" decoding=\"async\" width=\"150\" height=\"150\" src=\"https:\/\/www.reveeveille.net\/cevennevivante\/wp-content\/uploads\/2021\/03\/Vieux_paysan-150x150.jpg\" class=\"pt-cv-thumbnail pull-left\" alt=\"\" \/><\/a>\n<h4 class=\"pt-cv-title\"><a href=\"https:\/\/www.reveeveille.net\/cevennevivante\/vieux-cevenol-versus-vieux-cevenol\/\" class=\"_self\" target=\"_self\" >Vieux c\u00e9venol versus vieux c\u00e9venol<\/a><\/h4>\n<div class=\"pt-cv-content\">Il y a quelques temps, un ami m'a confi\u00e9 une col\u00e8re. D\u00e9sireux de cr\u00e9er un jardin potager, il avait \u00e9t\u00e9 ...<br \/><div class=\"pt-cv-rmwrap\"><a href=\"https:\/\/www.reveeveille.net\/cevennevivante\/vieux-cevenol-versus-vieux-cevenol\/\" class=\"_self pt-cv-readmore btn btn-success\" target=\"_self\">Lire La Suite\u2026<\/a><\/div><\/div><\/div><\/div>\n<div class=\"col-md-12 col-sm-12 col-xs-12 pt-cv-content-item pt-cv-2-col\" ><div class='pt-cv-ifield'><a href=\"https:\/\/www.reveeveille.net\/cevennevivante\/ouvrir-le-passage\/\" class=\"_self pt-cv-href-thumbnail pt-cv-thumb-left\" target=\"_self\" ><img loading=\"lazy\" decoding=\"async\" width=\"150\" height=\"150\" src=\"https:\/\/www.reveeveille.net\/cevennevivante\/wp-content\/uploads\/2021\/03\/20040215_visite_a_cabridou_terrasse-150x150.jpg\" class=\"pt-cv-thumbnail pull-left\" alt=\"\" \/><\/a>\n<h4 class=\"pt-cv-title\"><a href=\"https:\/\/www.reveeveille.net\/cevennevivante\/ouvrir-le-passage\/\" class=\"_self\" target=\"_self\" >Ouvrir le passage<\/a><\/h4>\n<div class=\"pt-cv-content\">C'est un versant escarp\u00e9, couvert de ch\u00eanes verts tortur\u00e9s et courts sur patte. Il est facile de deviner qu'il se ...<br \/><div class=\"pt-cv-rmwrap\"><a href=\"https:\/\/www.reveeveille.net\/cevennevivante\/ouvrir-le-passage\/\" class=\"_self pt-cv-readmore btn btn-success\" target=\"_self\">Lire La Suite\u2026<\/a><\/div><\/div><\/div><\/div>\n<div class=\"col-md-12 col-sm-12 col-xs-12 pt-cv-content-item pt-cv-2-col\" ><div class='pt-cv-ifield'><a href=\"https:\/\/www.reveeveille.net\/cevennevivante\/la-rape-a-fromage-de-cabridou\/\" class=\"_self pt-cv-href-thumbnail pt-cv-thumb-left\" target=\"_self\" ><img loading=\"lazy\" decoding=\"async\" width=\"150\" height=\"150\" src=\"https:\/\/www.reveeveille.net\/cevennevivante\/wp-content\/uploads\/2021\/02\/20140827_rape_a_fromage_02-150x150.jpg\" class=\"pt-cv-thumbnail pull-left\" alt=\"\" \/><\/a>\n<h4 class=\"pt-cv-title\"><a href=\"https:\/\/www.reveeveille.net\/cevennevivante\/la-rape-a-fromage-de-cabridou\/\" class=\"_self\" target=\"_self\" >La r\u00e2pe \u00e0 fromage de Cabridou<\/a><\/h4>\n<div class=\"pt-cv-content\">Un jour, Gwen et Jos\u00e9 ont achet\u00e9 une r\u00e2pe \u00e0 fromage. Vous savez, ce mod\u00e8le de base, compos\u00e9 d'une plaque ...<br \/><div class=\"pt-cv-rmwrap\"><a href=\"https:\/\/www.reveeveille.net\/cevennevivante\/la-rape-a-fromage-de-cabridou\/\" class=\"_self pt-cv-readmore btn btn-success\" target=\"_self\">Lire La Suite\u2026<\/a><\/div><\/div><\/div><\/div>\n<div class=\"col-md-12 col-sm-12 col-xs-12 pt-cv-content-item pt-cv-2-col\" ><div class='pt-cv-ifield'><a href=\"https:\/\/www.reveeveille.net\/cevennevivante\/cevenol-pas-cevenol\/\" class=\"_self pt-cv-href-thumbnail pt-cv-thumb-left\" target=\"_self\" ><img loading=\"lazy\" decoding=\"async\" width=\"150\" height=\"150\" src=\"https:\/\/www.reveeveille.net\/cevennevivante\/wp-content\/uploads\/2021\/02\/20110929_prospection_camplong_tartabisac_09-150x150.jpg\" class=\"pt-cv-thumbnail pull-left\" alt=\"\" \/><\/a>\n<h4 class=\"pt-cv-title\"><a href=\"https:\/\/www.reveeveille.net\/cevennevivante\/cevenol-pas-cevenol\/\" class=\"_self\" target=\"_self\" >C\u00e9venol \/ pas c\u00e9venol ?<\/a><\/h4>\n<div class=\"pt-cv-content\">- Tu sais ce que \u00e7a veut dire, \u00eatre c\u00e9venol ? Je vais te le dire, moi, ce que c'est ...<br \/><div class=\"pt-cv-rmwrap\"><a href=\"https:\/\/www.reveeveille.net\/cevennevivante\/cevenol-pas-cevenol\/\" class=\"_self pt-cv-readmore btn btn-success\" target=\"_self\">Lire La Suite\u2026<\/a><\/div><\/div><\/div><\/div><\/div><\/div><\/div>\n","protected":false},"excerpt":{"rendered":"<p>Pour commencer \u00e0 comprendre ce que sont les gens de ce pays, il faut tout d&rsquo;abord savoir que nous sommes tr\u00e8s peu. La Loz\u00e8re est le d\u00e9partement le moins peupl\u00e9&hellip; <\/p>\n","protected":false},"author":3,"featured_media":0,"parent":0,"menu_order":0,"comment_status":"closed","ping_status":"closed","template":"","meta":{"footnotes":""},"class_list":["post-260","page","type-page","status-publish","hentry"],"jetpack_sharing_enabled":true,"_links":{"self":[{"href":"https:\/\/www.reveeveille.net\/cevennevivante\/wp-json\/wp\/v2\/pages\/260","targetHints":{"allow":["GET"]}}],"collection":[{"href":"https:\/\/www.reveeveille.net\/cevennevivante\/wp-json\/wp\/v2\/pages"}],"about":[{"href":"https:\/\/www.reveeveille.net\/cevennevivante\/wp-json\/wp\/v2\/types\/page"}],"author":[{"embeddable":true,"href":"https:\/\/www.reveeveille.net\/cevennevivante\/wp-json\/wp\/v2\/users\/3"}],"replies":[{"embeddable":true,"href":"https:\/\/www.reveeveille.net\/cevennevivante\/wp-json\/wp\/v2\/comments?post=260"}],"version-history":[{"count":3,"href":"https:\/\/www.reveeveille.net\/cevennevivante\/wp-json\/wp\/v2\/pages\/260\/revisions"}],"predecessor-version":[{"id":1388,"href":"https:\/\/www.reveeveille.net\/cevennevivante\/wp-json\/wp\/v2\/pages\/260\/revisions\/1388"}],"wp:attachment":[{"href":"https:\/\/www.reveeveille.net\/cevennevivante\/wp-json\/wp\/v2\/media?parent=260"}],"curies":[{"name":"wp","href":"https:\/\/api.w.org\/{rel}","templated":true}]}}