{"id":1774,"date":"2022-01-14T15:23:34","date_gmt":"2022-01-14T14:23:34","guid":{"rendered":"https:\/\/www.reveeveille.net\/cevennevivante\/?page_id=1774"},"modified":"2023-01-25T17:08:47","modified_gmt":"2023-01-25T16:08:47","slug":"laubrac","status":"publish","type":"page","link":"https:\/\/www.reveeveille.net\/cevennevivante\/laubrac\/","title":{"rendered":"L&rsquo;Aubrac"},"content":{"rendered":"\n<p>L&rsquo;Aubrac ne fait bien \u00e9videmment pas partie des C\u00e9vennes. Mais pour nous qui vivons ici, c&rsquo;est un massif fr\u00e8re. Il semble \u00e0 la fois proche, par ses ambiances d&rsquo;immensit\u00e9s qui font parfois penser aux Causses (en plus vert) ou par ses for\u00eats de h\u00eatres qui \u00e9voquent l&rsquo;Aigoual. Mais exotique aussi car l&rsquo;architecture, les formes du relief, le climat&#8230; diff\u00e8rent radicalement du sud de la Loz\u00e8re. On est ici plus proches de l&rsquo;Auvergne que du Roussillon, pas de doute !<\/p>\n\n\n\n<p>Ici, toutes les saisons sont bonnes. L&rsquo;hiver, pour ses balades \u00e0 ski de fonds, dans une belle neige encore relativement habituelle malgr\u00e9 le r\u00e9chauffement en marche. Le printemps, pour l&rsquo;explosion de flore sauvage qui constelle les plateaux moutonnants de fleurs multicolores. L&rsquo;\u00e9t\u00e9, pour la fraicheur incroyable qui y r\u00e8gne, contrastant avec l&rsquo;\u00e9touffante chaleur des basses vall\u00e9es c\u00e9venoles. Et l&rsquo;automne pour les balades dans les brumes avec la pause au buron pour d\u00e9guster un aligot.<\/p>\n\n\n\n<p>Voil\u00e0 pourquoi, quand nous voulons nous d\u00e9payser \u00e0 peu de frais, nous rendons visite \u00e0 cette vieille voisine accueillante.<\/p>\n\n\n<div class=\"pt-cv-wrapper\"><div class=\"pt-cv-view pt-cv-grid pt-cv-colsys\" id=\"pt-cv-view-7b46464s07\"><div data-id=\"pt-cv-page-1\" class=\"pt-cv-page\" data-cvc=\"2\"><div class=\"col-md-6 col-sm-6 col-xs-12 pt-cv-content-item pt-cv-2-col\" ><div class='pt-cv-ifield'><a href=\"https:\/\/www.reveeveille.net\/cevennevivante\/laubracenhiver\/\" class=\"_self pt-cv-href-thumbnail pt-cv-thumb-left\" target=\"_self\" ><img loading=\"lazy\" decoding=\"async\" width=\"150\" height=\"150\" src=\"https:\/\/www.reveeveille.net\/cevennevivante\/wp-content\/uploads\/2021\/12\/20210107_aubrac_laure_rym_04-150x150.jpg\" class=\"pt-cv-thumbnail pull-left\" alt=\"\" \/><\/a>\n<h4 class=\"pt-cv-title\"><a href=\"https:\/\/www.reveeveille.net\/cevennevivante\/laubracenhiver\/\" class=\"_self\" target=\"_self\" >L&rsquo;Aubrac en hiver<\/a><\/h4>\n<div class=\"pt-cv-content\">Une br\u00e8che dans la carapace de glace laisse entrevoir les entrailles secr\u00e8tes de la for\u00eat Interdiction de circuler Choc de ...<br \/><div class=\"pt-cv-rmwrap\"><a href=\"https:\/\/www.reveeveille.net\/cevennevivante\/laubracenhiver\/\" class=\"_self pt-cv-readmore btn btn-success\" target=\"_self\">Lire<\/a><\/div><\/div><\/div><\/div><\/div><\/div><\/div>\n","protected":false},"excerpt":{"rendered":"<p>L&rsquo;Aubrac ne fait bien \u00e9videmment pas partie des C\u00e9vennes. Mais pour nous qui vivons ici, c&rsquo;est un massif fr\u00e8re. Il semble \u00e0 la fois proche, par ses ambiances d&rsquo;immensit\u00e9s qui&hellip; <\/p>\n","protected":false},"author":3,"featured_media":1546,"parent":0,"menu_order":0,"comment_status":"closed","ping_status":"closed","template":"","meta":{"footnotes":""},"class_list":["post-1774","page","type-page","status-publish","has-post-thumbnail","hentry"],"jetpack_sharing_enabled":true,"_links":{"self":[{"href":"https:\/\/www.reveeveille.net\/cevennevivante\/wp-json\/wp\/v2\/pages\/1774","targetHints":{"allow":["GET"]}}],"collection":[{"href":"https:\/\/www.reveeveille.net\/cevennevivante\/wp-json\/wp\/v2\/pages"}],"about":[{"href":"https:\/\/www.reveeveille.net\/cevennevivante\/wp-json\/wp\/v2\/types\/page"}],"author":[{"embeddable":true,"href":"https:\/\/www.reveeveille.net\/cevennevivante\/wp-json\/wp\/v2\/users\/3"}],"replies":[{"embeddable":true,"href":"https:\/\/www.reveeveille.net\/cevennevivante\/wp-json\/wp\/v2\/comments?post=1774"}],"version-history":[{"count":3,"href":"https:\/\/www.reveeveille.net\/cevennevivante\/wp-json\/wp\/v2\/pages\/1774\/revisions"}],"predecessor-version":[{"id":1780,"href":"https:\/\/www.reveeveille.net\/cevennevivante\/wp-json\/wp\/v2\/pages\/1774\/revisions\/1780"}],"wp:featuredmedia":[{"embeddable":true,"href":"https:\/\/www.reveeveille.net\/cevennevivante\/wp-json\/wp\/v2\/media\/1546"}],"wp:attachment":[{"href":"https:\/\/www.reveeveille.net\/cevennevivante\/wp-json\/wp\/v2\/media?parent=1774"}],"curies":[{"name":"wp","href":"https:\/\/api.w.org\/{rel}","templated":true}]}}

<p>L&rsquo;Aubrac ne fait bien évidemment pas partie des Cévennes. Mais pour nous qui vivons ici, c&rsquo;est un massif frère. Il semble à la fois proche, par ses ambiances d&rsquo;immensités qui font parfois penser aux Causses (en plus vert) ou par ses forêts de hêtres qui évoquent l&rsquo;Aigoual. Mais exotique aussi car l&rsquo;architecture, les formes du relief, le climat&#8230; diffèrent radicalement du sud de la Lozère. On est ici plus proches de l&rsquo;Auvergne que du Roussillon, pas de doute !</p>



<p>Ici, toutes les saisons sont bonnes. L&rsquo;hiver, pour ses balades à ski de fonds, dans une belle neige encore relativement habituelle malgré le réchauffement en marche. Le printemps, pour l&rsquo;explosion de flore sauvage qui constelle les plateaux moutonnants de fleurs multicolores. L&rsquo;été, pour la fraicheur incroyable qui y règne, contrastant avec l&rsquo;étouffante chaleur des basses vallées cévenoles. Et l&rsquo;automne pour les balades dans les brumes avec la pause au buron pour déguster un aligot.</p>



<p>Voilà pourquoi, quand nous voulons nous dépayser à peu de frais, nous rendons visite à cette vieille voisine accueillante.</p>


<div class="pt-cv-wrapper"><div class="pt-cv-view pt-cv-grid pt-cv-colsys" id="pt-cv-view-7b46464s07"><div data-id="pt-cv-page-1" class="pt-cv-page" data-cvc="2"><div class="col-md-6 col-sm-6 col-xs-12 pt-cv-content-item pt-cv-2-col" ><div class='pt-cv-ifield'><a href="https://www.reveeveille.net/cevennevivante/laubracenhiver/" class="_self pt-cv-href-thumbnail pt-cv-thumb-left" target="_self" ><img loading="lazy" decoding="async" width="150" height="150" src="https://www.reveeveille.net/cevennevivante/wp-content/uploads/2021/12/20210107_aubrac_laure_rym_04-150x150.jpg" class="pt-cv-thumbnail pull-left" alt="" /></a>
<h4 class="pt-cv-title"><a href="https://www.reveeveille.net/cevennevivante/laubracenhiver/" class="_self" target="_self" >L&rsquo;Aubrac en hiver</a></h4>
<div class="pt-cv-content">Une brèche dans la carapace de glace laisse entrevoir les entrailles secrètes de la forêt Interdiction de circuler Choc de ...<br /><div class="pt-cv-rmwrap"><a href="https://www.reveeveille.net/cevennevivante/laubracenhiver/" class="_self pt-cv-readmore btn btn-success" target="_self">Lire</a></div></div></div></div></div></div></div>

<p>L&rsquo;Aubrac ne fait bien évidemment pas partie des Cévennes. Mais pour nous qui vivons ici, c&rsquo;est un massif frère. Il semble à la fois proche, par ses ambiances d&rsquo;immensités qui&hellip; </p>
