{"id":2609,"date":"2021-10-28T16:27:26","date_gmt":"2021-10-28T16:27:26","guid":{"rendered":"https:\/\/www.reveeveille.net\/candelhospitalet\/?page_id=2609"},"modified":"2022-10-07T15:07:03","modified_gmt":"2022-10-07T15:07:03","slug":"les-mysteres-de-la-can","status":"publish","type":"page","link":"https:\/\/www.reveeveille.net\/candelhospitalet\/les-mysteres-de-la-can\/","title":{"rendered":"Les myst\u00e8res de la can"},"content":{"rendered":"\n<p>A force de marcher, on fait du chemin. On comprend certaines choses, mais on en d\u00e9couvre d&rsquo;autres pour lesquelles on n&rsquo;a pas d&rsquo;explications&#8230; La can de l&rsquo;Hospitalet ne fait pas exception \u00e0 la r\u00e8gle. Sauf que je n&rsquo;arrive pas \u00e0 me contenter de ces non explications. Et que je suis certain que d&rsquo;autres auraient des r\u00e9ponses. D&rsquo;o\u00f9 cette rubrique, dans laquelle je mets ce que je n&rsquo;ai pas compris, dans l&rsquo;espoir que vous-m\u00eame saurez, ou irez sur place chercher les r\u00e9ponses. Alors, s&rsquo;il vous pla\u00eet : tenez moi au courant, d&rsquo;accord ?<\/p>\n\n\n\n<iframe loading=\"lazy\" src=\"https:\/\/www.reveeveille.net\/geoportail\/cartepublique.aspx?idrubric=320\" width=\"100%\" height=\"400\"><\/iframe>\n\n\n<div class=\"pt-cv-wrapper\"><div class=\"pt-cv-view pt-cv-grid pt-cv-colsys\" id=\"pt-cv-view-e7c4840pgs\"><div data-id=\"pt-cv-page-1\" class=\"pt-cv-page\" data-cvc=\"2\"><div class=\"col-md-6 col-sm-6 col-xs-12 pt-cv-content-item pt-cv-2-col\" ><div class='pt-cv-ifield'><a href=\"https:\/\/www.reveeveille.net\/candelhospitalet\/les-tetines-de-balmegouse\/\" class=\"_self pt-cv-href-thumbnail pt-cv-thumb-left\" target=\"_self\" ><img loading=\"lazy\" decoding=\"async\" width=\"150\" height=\"150\" src=\"https:\/\/www.reveeveille.net\/candelhospitalet\/wp-content\/uploads\/2021\/12\/20211101_vallon_du_briancon_et_balmegouse_16-150x150.jpg\" class=\"pt-cv-thumbnail pull-left\" alt=\"\" \/><\/a>\n<h4 class=\"pt-cv-title\"><a href=\"https:\/\/www.reveeveille.net\/candelhospitalet\/les-tetines-de-balmegouse\/\" class=\"_self\" target=\"_self\" >Les t\u00e9tines de Balmegouse<\/a><\/h4>\n<div class=\"pt-cv-content\">Quelques dizaines de m\u00e8tres au dessus de la ferme de Balmegouse, au pied du versant sud de la can des ...<br \/><div class=\"pt-cv-rmwrap\"><a href=\"https:\/\/www.reveeveille.net\/candelhospitalet\/les-tetines-de-balmegouse\/\" class=\"_self pt-cv-readmore btn btn-success\" target=\"_self\">Lire<\/a><\/div><\/div><\/div><\/div>\n<div class=\"col-md-6 col-sm-6 col-xs-12 pt-cv-content-item pt-cv-2-col\" ><div class='pt-cv-ifield'><a href=\"https:\/\/www.reveeveille.net\/candelhospitalet\/les-deux-lignes-de-couleur-dans-le-versant-du-causse-mejean\/\" class=\"_self pt-cv-href-thumbnail pt-cv-thumb-left\" target=\"_self\" ><img loading=\"lazy\" decoding=\"async\" width=\"150\" height=\"150\" src=\"https:\/\/www.reveeveille.net\/candelhospitalet\/wp-content\/uploads\/2024\/03\/20231115_barrandon_03-150x150.jpg\" class=\"pt-cv-thumbnail pull-left\" alt=\"\" \/><\/a>\n<h4 class=\"pt-cv-title\"><a href=\"https:\/\/www.reveeveille.net\/candelhospitalet\/les-deux-lignes-de-couleur-dans-le-versant-du-causse-mejean\/\" class=\"_self\" target=\"_self\" >Les deux lignes de couleur dans le versant du causse M\u00e9jean<\/a><\/h4>\n<div class=\"pt-cv-content\">A l'automne, comme partout ailleurs, les causses et les C\u00e9vennes se parent de couleurs chaudes, marron, jaune, parfois rouge. Le ...<br \/><div class=\"pt-cv-rmwrap\"><a href=\"https:\/\/www.reveeveille.net\/candelhospitalet\/les-deux-lignes-de-couleur-dans-le-versant-du-causse-mejean\/\" class=\"_self pt-cv-readmore btn btn-success\" target=\"_self\">Lire<\/a><\/div><\/div><\/div><\/div>\n<div class=\"col-md-6 col-sm-6 col-xs-12 pt-cv-content-item pt-cv-2-col\" ><div class='pt-cv-ifield'><a href=\"https:\/\/www.reveeveille.net\/candelhospitalet\/les-etranges-taches-noires-de-la-can-de-saint-laurent\/\" class=\"_self pt-cv-href-thumbnail pt-cv-thumb-left\" target=\"_self\" ><img loading=\"lazy\" decoding=\"async\" width=\"150\" height=\"150\" src=\"https:\/\/www.reveeveille.net\/candelhospitalet\/wp-content\/uploads\/2021\/07\/19000102_illustrations_points_dans_prairie_can_stlaurent-150x150.jpg\" class=\"pt-cv-thumbnail pull-left\" alt=\"\" \/><\/a>\n<h4 class=\"pt-cv-title\"><a href=\"https:\/\/www.reveeveille.net\/candelhospitalet\/les-etranges-taches-noires-de-la-can-de-saint-laurent\/\" class=\"_self\" target=\"_self\" >Les \u00e9tranges t\u00e2ches noires de la can de Saint Laurent<\/a><\/h4>\n<div class=\"pt-cv-content\">Les photos a\u00e9riennes anciennes sont une mine in\u00e9puisable d'informations sur un territoire donn\u00e9. Et moi j'adore farfouiller les photos a\u00e9riennes ...<br \/><div class=\"pt-cv-rmwrap\"><a href=\"https:\/\/www.reveeveille.net\/candelhospitalet\/les-etranges-taches-noires-de-la-can-de-saint-laurent\/\" class=\"_self pt-cv-readmore btn btn-success\" target=\"_self\">Lire<\/a><\/div><\/div><\/div><\/div>\n<div class=\"col-md-6 col-sm-6 col-xs-12 pt-cv-content-item pt-cv-2-col\" ><div class='pt-cv-ifield'><a href=\"https:\/\/www.reveeveille.net\/candelhospitalet\/la-mine-de-fer-perdue-de-tartabisac\/\" class=\"_self pt-cv-href-thumbnail pt-cv-thumb-left\" target=\"_self\" ><img loading=\"lazy\" decoding=\"async\" width=\"150\" height=\"150\" src=\"https:\/\/www.reveeveille.net\/candelhospitalet\/wp-content\/uploads\/2021\/10\/20101119_le_crouzet_tartabisac_03-150x150.jpg\" class=\"pt-cv-thumbnail pull-left\" alt=\"\" \/><\/a>\n<h4 class=\"pt-cv-title\"><a href=\"https:\/\/www.reveeveille.net\/candelhospitalet\/la-mine-de-fer-perdue-de-tartabisac\/\" class=\"_self\" target=\"_self\" >La mine de fer perdue de Tartabisac<\/a><\/h4>\n<div class=\"pt-cv-content\">Image d'en-t\u00eate :la croupe sur laquelle se serait situ\u00e9e l'ouverture de la mine de Tartabisac Claude Fra\u00efsse, de La Coste ...<br \/><div class=\"pt-cv-rmwrap\"><a href=\"https:\/\/www.reveeveille.net\/candelhospitalet\/la-mine-de-fer-perdue-de-tartabisac\/\" class=\"_self pt-cv-readmore btn btn-success\" target=\"_self\">Lire<\/a><\/div><\/div><\/div><\/div>\n<div class=\"col-md-6 col-sm-6 col-xs-12 pt-cv-content-item pt-cv-2-col\" ><div class='pt-cv-ifield'><a href=\"https:\/\/www.reveeveille.net\/candelhospitalet\/la-grotte-de-la-carriere-pnc\/\" class=\"_self pt-cv-href-thumbnail pt-cv-thumb-left\" target=\"_self\" ><img loading=\"lazy\" decoding=\"async\" width=\"150\" height=\"150\" src=\"https:\/\/www.reveeveille.net\/candelhospitalet\/wp-content\/uploads\/2021\/07\/20060424_le_barret_carriere-150x150.jpg\" class=\"pt-cv-thumbnail pull-left\" alt=\"\" \/><\/a>\n<h4 class=\"pt-cv-title\"><a href=\"https:\/\/www.reveeveille.net\/candelhospitalet\/la-grotte-de-la-carriere-pnc\/\" class=\"_self\" target=\"_self\" >La grotte de la carri\u00e8re PNC<\/a><\/h4>\n<div class=\"pt-cv-content\">Cette grotte s'ouvrait autrefois sur le site de la carri\u00e8re qui a fourni en pierre le chantier de r\u00e9novation du ...<br \/><div class=\"pt-cv-rmwrap\"><a href=\"https:\/\/www.reveeveille.net\/candelhospitalet\/la-grotte-de-la-carriere-pnc\/\" class=\"_self pt-cv-readmore btn btn-success\" target=\"_self\">Lire<\/a><\/div><\/div><\/div><\/div>\n<div class=\"col-md-6 col-sm-6 col-xs-12 pt-cv-content-item pt-cv-2-col\" ><div class='pt-cv-ifield'><a href=\"https:\/\/www.reveeveille.net\/candelhospitalet\/le-fantomatique-chateau-du-col-du-rey\/\" class=\"_self pt-cv-href-thumbnail pt-cv-thumb-left\" target=\"_self\" ><img loading=\"lazy\" decoding=\"async\" width=\"150\" height=\"150\" src=\"https:\/\/www.reveeveille.net\/candelhospitalet\/wp-content\/uploads\/2021\/07\/19000101_site_cevennes_terre_rouge-150x150.jpg\" class=\"pt-cv-thumbnail pull-left\" alt=\"\" \/><\/a>\n<h4 class=\"pt-cv-title\"><a href=\"https:\/\/www.reveeveille.net\/candelhospitalet\/le-fantomatique-chateau-du-col-du-rey\/\" class=\"_self\" target=\"_self\" >Le fantomatique ch\u00e2teau du col du Rey<\/a><\/h4>\n<div class=\"pt-cv-content\">Dans nhpc, p.309, l'auteur \u00e9crit : \"Au hameau du rey, situ\u00e9 \u00e0 l'embranchement de la route du Pompidou par la ...<br \/><div class=\"pt-cv-rmwrap\"><a href=\"https:\/\/www.reveeveille.net\/candelhospitalet\/le-fantomatique-chateau-du-col-du-rey\/\" class=\"_self pt-cv-readmore btn btn-success\" target=\"_self\">Lire<\/a><\/div><\/div><\/div><\/div>\n<div class=\"col-md-6 col-sm-6 col-xs-12 pt-cv-content-item pt-cv-2-col\" ><div class='pt-cv-ifield'><a href=\"https:\/\/www.reveeveille.net\/candelhospitalet\/la-maison-maudite-de-terre-rouge\/\" class=\"_self pt-cv-href-thumbnail pt-cv-thumb-left\" target=\"_self\" ><img loading=\"lazy\" decoding=\"async\" width=\"150\" height=\"150\" src=\"https:\/\/www.reveeveille.net\/candelhospitalet\/wp-content\/uploads\/2021\/07\/20051025_fau_florit_lavogne_de_terre_rouge_2-150x150.jpg\" class=\"pt-cv-thumbnail pull-left\" alt=\"\" \/><\/a>\n<h4 class=\"pt-cv-title\"><a href=\"https:\/\/www.reveeveille.net\/candelhospitalet\/la-maison-maudite-de-terre-rouge\/\" class=\"_self\" target=\"_self\" >La maison maudite de Terre-Rouge<\/a><\/h4>\n<div class=\"pt-cv-content\">Un ancien t\u00e9moigne de l'existence, \u00e0 proximit\u00e9 du ch\u00e2teau de Terre rouge, sur le chemin qui descend vers le Pesqui\u00e9, ...<br \/><div class=\"pt-cv-rmwrap\"><a href=\"https:\/\/www.reveeveille.net\/candelhospitalet\/la-maison-maudite-de-terre-rouge\/\" class=\"_self pt-cv-readmore btn btn-success\" target=\"_self\">Lire<\/a><\/div><\/div><\/div><\/div>\n<div class=\"col-md-6 col-sm-6 col-xs-12 pt-cv-content-item pt-cv-2-col\" ><div class='pt-cv-ifield'><a href=\"https:\/\/www.reveeveille.net\/candelhospitalet\/le-mysterieux-mur-de-la-plaine-des-crottes\/\" class=\"_self pt-cv-href-thumbnail pt-cv-thumb-left\" target=\"_self\" ><img loading=\"lazy\" decoding=\"async\" width=\"150\" height=\"150\" src=\"https:\/\/www.reveeveille.net\/candelhospitalet\/wp-content\/uploads\/2021\/07\/20061014_prepa_jeu_piste_nils_meandres-150x150.jpg\" class=\"pt-cv-thumbnail pull-left\" alt=\"\" \/><\/a>\n<h4 class=\"pt-cv-title\"><a href=\"https:\/\/www.reveeveille.net\/candelhospitalet\/le-mysterieux-mur-de-la-plaine-des-crottes\/\" class=\"_self\" target=\"_self\" >Le myst\u00e9rieux mur de la plaine des crottes<\/a><\/h4>\n<div class=\"pt-cv-content\">Au sud de la magnifique prairie des Crottes, c\u00f4t\u00e9 est, de grosses pierres d\u00e9passent par endroit de l'herbe \u00e9paisse. A ...<br \/><div class=\"pt-cv-rmwrap\"><a href=\"https:\/\/www.reveeveille.net\/candelhospitalet\/le-mysterieux-mur-de-la-plaine-des-crottes\/\" class=\"_self pt-cv-readmore btn btn-success\" target=\"_self\">Lire<\/a><\/div><\/div><\/div><\/div>\n<div class=\"col-md-6 col-sm-6 col-xs-12 pt-cv-content-item pt-cv-2-col\" ><div class='pt-cv-ifield'><a href=\"https:\/\/www.reveeveille.net\/candelhospitalet\/laven-de-tardonnenche\/\" class=\"_self pt-cv-href-thumbnail pt-cv-thumb-left\" target=\"_self\" ><img loading=\"lazy\" decoding=\"async\" width=\"150\" height=\"150\" src=\"https:\/\/www.reveeveille.net\/candelhospitalet\/wp-content\/uploads\/2021\/07\/20100410_can_de_tardonnenche_08-150x150.jpg\" class=\"pt-cv-thumbnail pull-left\" alt=\"\" \/><\/a>\n<h4 class=\"pt-cv-title\"><a href=\"https:\/\/www.reveeveille.net\/candelhospitalet\/laven-de-tardonnenche\/\" class=\"_self\" target=\"_self\" >L&rsquo;aven de Tardonnenche<\/a><\/h4>\n<div class=\"pt-cv-content\">Dans un de ses \u00e9crits datant des ann\u00e9es 50, Camille Hugues, l'infatigable explorateur des plateaux situ\u00e9s entre le Tarnon et ...<br \/><div class=\"pt-cv-rmwrap\"><a href=\"https:\/\/www.reveeveille.net\/candelhospitalet\/laven-de-tardonnenche\/\" class=\"_self pt-cv-readmore btn btn-success\" target=\"_self\">Lire<\/a><\/div><\/div><\/div><\/div>\n<div class=\"col-md-6 col-sm-6 col-xs-12 pt-cv-content-item pt-cv-2-col\" ><div class='pt-cv-ifield'><a href=\"https:\/\/www.reveeveille.net\/candelhospitalet\/le-petit-cheval-de-la-baume-dolente\/\" class=\"_self pt-cv-href-thumbnail pt-cv-thumb-left\" target=\"_self\" ><img loading=\"lazy\" decoding=\"async\" width=\"150\" height=\"150\" src=\"https:\/\/www.reveeveille.net\/candelhospitalet\/wp-content\/uploads\/2021\/07\/20090601_baume_dolente_06-150x150.jpg\" class=\"pt-cv-thumbnail pull-left\" alt=\"\" \/><\/a>\n<h4 class=\"pt-cv-title\"><a href=\"https:\/\/www.reveeveille.net\/candelhospitalet\/le-petit-cheval-de-la-baume-dolente\/\" class=\"_self\" target=\"_self\" >Le petit cheval de la Baume Dolente<\/a><\/h4>\n<div class=\"pt-cv-content\">Quelque part sur l'une des parois de la grotte de Baume Dolente se cache une gravure de cheval. Elle est ...<br \/><div class=\"pt-cv-rmwrap\"><a href=\"https:\/\/www.reveeveille.net\/candelhospitalet\/le-petit-cheval-de-la-baume-dolente\/\" class=\"_self pt-cv-readmore btn btn-success\" target=\"_self\">Lire<\/a><\/div><\/div><\/div><\/div>\n<div class=\"col-md-6 col-sm-6 col-xs-12 pt-cv-content-item pt-cv-2-col\" ><div class='pt-cv-ifield'><a href=\"https:\/\/www.reveeveille.net\/candelhospitalet\/la-fleche-de-pierre-de-peyre-agude\/\" class=\"_self pt-cv-href-thumbnail pt-cv-thumb-left\" target=\"_self\" ><img loading=\"lazy\" decoding=\"async\" width=\"150\" height=\"150\" src=\"https:\/\/www.reveeveille.net\/candelhospitalet\/wp-content\/uploads\/2021\/07\/20060718_corniches_sud_can_lionel_02-150x150.jpg\" class=\"pt-cv-thumbnail pull-left\" alt=\"\" \/><\/a>\n<h4 class=\"pt-cv-title\"><a href=\"https:\/\/www.reveeveille.net\/candelhospitalet\/la-fleche-de-pierre-de-peyre-agude\/\" class=\"_self\" target=\"_self\" >La fl\u00e8che de pierre de Peyre-Agude<\/a><\/h4>\n<div class=\"pt-cv-content\">A quelques dizaines de m\u00e8tres au nord-est du point cot\u00e9 1102, sur le plateau de Peyre-agude, se trouve un curieux ...<br \/><div class=\"pt-cv-rmwrap\"><a href=\"https:\/\/www.reveeveille.net\/candelhospitalet\/la-fleche-de-pierre-de-peyre-agude\/\" class=\"_self pt-cv-readmore btn btn-success\" target=\"_self\">Lire<\/a><\/div><\/div><\/div><\/div>\n<div class=\"col-md-6 col-sm-6 col-xs-12 pt-cv-content-item pt-cv-2-col\" ><div class='pt-cv-ifield'><a href=\"https:\/\/www.reveeveille.net\/candelhospitalet\/le-four-a-chaux-et-le-bloc\/\" class=\"_self pt-cv-href-thumbnail pt-cv-thumb-left\" target=\"_self\" ><img loading=\"lazy\" decoding=\"async\" width=\"150\" height=\"150\" src=\"https:\/\/www.reveeveille.net\/candelhospitalet\/wp-content\/uploads\/2022\/06\/20220321_vallon_dartigue_07-150x150.jpg\" class=\"pt-cv-thumbnail pull-left\" alt=\"\" \/><\/a>\n<h4 class=\"pt-cv-title\"><a href=\"https:\/\/www.reveeveille.net\/candelhospitalet\/le-four-a-chaux-et-le-bloc\/\" class=\"_self\" target=\"_self\" >Le four \u00e0 chaux et le bloc<\/a><\/h4>\n<div class=\"pt-cv-content\">Voil\u00e0 un site vraiment curieux. Le vallon qui s'enfonce \u00e0 l'est d'Artigue pr\u00e9sente, \u00e0 mi-pente, un replat (le ress\u00e8s), celui-l\u00e0-m\u00eame ...<br \/><div class=\"pt-cv-rmwrap\"><a href=\"https:\/\/www.reveeveille.net\/candelhospitalet\/le-four-a-chaux-et-le-bloc\/\" class=\"_self pt-cv-readmore btn btn-success\" target=\"_self\">Lire<\/a><\/div><\/div><\/div><\/div>\n<div class=\"col-md-6 col-sm-6 col-xs-12 pt-cv-content-item pt-cv-2-col\" ><div class='pt-cv-ifield'><a href=\"https:\/\/www.reveeveille.net\/candelhospitalet\/le-clapas-carre-de-lhospitalet\/\" class=\"_self pt-cv-href-thumbnail pt-cv-thumb-left\" target=\"_self\" ><img loading=\"lazy\" decoding=\"async\" width=\"150\" height=\"150\" src=\"https:\/\/www.reveeveille.net\/candelhospitalet\/wp-content\/uploads\/2022\/06\/20060610_rando_can_masbonnet_clapas_carre_hospitalet-150x150.jpg\" class=\"pt-cv-thumbnail pull-left\" alt=\"\" \/><\/a>\n<h4 class=\"pt-cv-title\"><a href=\"https:\/\/www.reveeveille.net\/candelhospitalet\/le-clapas-carre-de-lhospitalet\/\" class=\"_self\" target=\"_self\" >Le clapas carr\u00e9 de l&rsquo;Hospitalet<\/a><\/h4>\n<div class=\"pt-cv-content\">A quelques centaines de m\u00e8tres au nord du hameau de l'Hospitalet, les bois de h\u00eatre s'espacent soudain et laissent apparaitre ...<br \/><div class=\"pt-cv-rmwrap\"><a href=\"https:\/\/www.reveeveille.net\/candelhospitalet\/le-clapas-carre-de-lhospitalet\/\" class=\"_self pt-cv-readmore btn btn-success\" target=\"_self\">Lire<\/a><\/div><\/div><\/div><\/div><\/div><\/div><\/div>\n","protected":false},"excerpt":{"rendered":"<p>A force de marcher, on fait du chemin. On comprend certaines choses, mais on en d\u00e9couvre d&rsquo;autres pour lesquelles on n&rsquo;a pas d&rsquo;explications&#8230; La can de l&rsquo;Hospitalet ne fait pas&hellip; <\/p>\n","protected":false},"author":3,"featured_media":0,"parent":0,"menu_order":0,"comment_status":"closed","ping_status":"closed","template":"","meta":{"_monsterinsights_skip_tracking":false,"_monsterinsights_sitenote_active":false,"_monsterinsights_sitenote_note":"","_monsterinsights_sitenote_category":0,"footnotes":""},"class_list":["post-2609","page","type-page","status-publish","hentry"],"_links":{"self":[{"href":"https:\/\/www.reveeveille.net\/candelhospitalet\/wp-json\/wp\/v2\/pages\/2609","targetHints":{"allow":["GET"]}}],"collection":[{"href":"https:\/\/www.reveeveille.net\/candelhospitalet\/wp-json\/wp\/v2\/pages"}],"about":[{"href":"https:\/\/www.reveeveille.net\/candelhospitalet\/wp-json\/wp\/v2\/types\/page"}],"author":[{"embeddable":true,"href":"https:\/\/www.reveeveille.net\/candelhospitalet\/wp-json\/wp\/v2\/users\/3"}],"replies":[{"embeddable":true,"href":"https:\/\/www.reveeveille.net\/candelhospitalet\/wp-json\/wp\/v2\/comments?post=2609"}],"version-history":[{"count":5,"href":"https:\/\/www.reveeveille.net\/candelhospitalet\/wp-json\/wp\/v2\/pages\/2609\/revisions"}],"predecessor-version":[{"id":3933,"href":"https:\/\/www.reveeveille.net\/candelhospitalet\/wp-json\/wp\/v2\/pages\/2609\/revisions\/3933"}],"wp:attachment":[{"href":"https:\/\/www.reveeveille.net\/candelhospitalet\/wp-json\/wp\/v2\/media?parent=2609"}],"curies":[{"name":"wp","href":"https:\/\/api.w.org\/{rel}","templated":true}]}}